{"id":131,"date":"2015-04-02T11:24:19","date_gmt":"2015-04-02T11:24:19","guid":{"rendered":"http:\/\/www.chph.hu\/?page_id=131"},"modified":"2015-04-02T12:16:54","modified_gmt":"2015-04-02T12:16:54","slug":"kupos-extraktor-csalad","status":"publish","type":"page","link":"http:\/\/www.chph.hu\/?page_id=131","title":{"rendered":"K\u00fapos extraktor csal\u00e1d"},"content":{"rendered":"<p style=\"text-align: center;\"><img loading=\"lazy\" decoding=\"async\" class=\"aligncenter wp-image-132 size-full\" src=\"http:\/\/www.chph.hu\/wp-content\/uploads\/2015\/04\/0611.jpg\" alt=\"061\" width=\"346\" height=\"470\" \/>CTK-ES1000 K\u00fapos extraktor<br \/>\n<a href=\"http:\/\/www.chph.hu\/wp-content\/uploads\/2015\/04\/1es630x1000.pdf\" target=\"_blank\">M\u0171szaki le\u00edr\u00e1s, adatok, m\u00e9retek PDF form\u00e1tumban<\/a><\/p>\n<p><em><span style=\"text-decoration: underline;\">Fel\u00e9p\u00edt\u00e9s<\/span><\/em><br \/>\nK\u00e9sz\u00fcl\u00e9keink \u00e1ll\u00f3hengeres, karim\u00e1kkal osztott, kever\u0151s ed\u00e9nyek (l\u00e1sd M\u0171szaki param\u00e9terek). A k\u00e9sz\u00fcl\u00e9kfed\u00e9len ben\u00e9z\u0151\u00fcveggel ell\u00e1tott munkany\u00edl\u00e1s, bevil\u00e1g\u00edt\u00f3 l\u00e1mpa \u00e9s \u00e1ll\u00edthat\u00f3 magass\u00e1g\u00fa dekant\u00e1l\u00f3 pipa, vagy hull\u00e1mt\u00f6r\u0151 ker\u00fcl be\u00e9p\u00edt\u00e9sre. A t\u00f6bbi fed\u00e9lcsonk technol\u00f3giai, az ig\u00e9nyeknek megfelel\u0151en haszn\u00e1lhat\u00f3 csatlakoz\u00e1sra. K\u00edv\u00e1ns\u00e1gra a pal\u00e1ston elhelyezett PH m\u00e9r\u0151 csonkkal sz\u00e1ll\u00edtjuk. A k\u00e9sz\u00fcl\u00e9kek k\u00fapos ed\u00e9nyfen\u00e9kkel lez\u00e1rtak. A pal\u00e1ston \u00e9s a k\u00fapos ed\u00e9nyfen\u00e9ken hossz\u00fak\u00e1s megfigyel\u0151 ablakok vannak kialak\u00edtva, melyek egy, a k\u00fapos fen\u00e9ken elhelyezett l\u00e1mpa seg\u00edts\u00e9g\u00e9vel lehet\u0151v\u00e9 teszik a f\u00e1zishat\u00e1r szemmel tart\u00e1s\u00e1t. Az al\u00e1t\u00e1maszt\u00e1s m\u00f3dja: 4db l\u00e1b.<\/p>\n<p><span style=\"text-decoration: underline;\"><em>Alkalmaz\u00e1s<\/em><\/span><br \/>\nA szerkezeti anyagk\u00e9nt felhaszn\u00e1lt korr\u00f3zi\u00f3\u00e1ll\u00f3 ac\u00e9lok a k\u00e9sz\u00fcl\u00e9keket \u00e1ltal\u00e1nos vegyipari, gy\u00f3gyszeripari, fest\u00e9k- \u00e9s m\u0171anyagipari, kozmetikai \u00e9s h\u00e1ztart\u00e1svegyipari felhaszn\u00e1l\u00e1sra teszik alkalmass\u00e1. Az extraktor els\u0151dleges feladata az extrah\u00e1l\u00e1si m\u0171veletek elv\u00e9gz\u00e9se.<\/p>\n<p><span style=\"text-decoration: underline;\"><em>M\u0171k\u00f6d\u00e9s<\/em><\/span><br \/>\nA k\u00e9sz\u00fcl\u00e9k alapkivitele a m\u0171szaki param\u00e9terekben megadott fordulatsz\u00e1m tartom\u00e1nyban ker\u00fcl sz\u00e1ll\u00edt\u00e1sra. K\u00edv\u00e1ns\u00e1gra a hajt\u00f3m\u0171vet frekvenciav\u00e1lt\u00f3val l\u00e1tjuk el. Alapkivitelben a k\u00e9sz\u00fcl\u00e9ket a k\u00fap fal\u00e1t k\u00f6vet\u0151 h\u00e1rom\u00e1g\u00fa anker kever\u0151vel sz\u00e1ll\u00edtjuk.<\/p>\n<p><span style=\"text-decoration: underline;\"><em>Megrendel\u00e9si p\u00e9lda<\/em><\/span><br \/>\nCTK-ES1000 extraktor, PH m\u00e9r\u0151 csonkkal, frekvencia v\u00e1lt\u00f3s hajt\u00e1ssal, l\u00e1bakkal al\u00e1t\u00e1masztva.<\/p>\n","protected":false},"excerpt":{"rendered":"<p>CTK-ES1000 K\u00fapos extraktor M\u0171szaki le\u00edr\u00e1s, adatok, m\u00e9retek PDF form\u00e1tumban Fel\u00e9p\u00edt\u00e9s K\u00e9sz\u00fcl\u00e9keink \u00e1ll\u00f3hengeres, karim\u00e1kkal osztott, kever\u0151s ed\u00e9nyek (l\u00e1sd M\u0171szaki param\u00e9terek). A k\u00e9sz\u00fcl\u00e9kfed\u00e9len ben\u00e9z\u0151\u00fcveggel ell\u00e1tott munkany\u00edl\u00e1s, bevil\u00e1g\u00edt\u00f3 l\u00e1mpa \u00e9s \u00e1ll\u00edthat\u00f3 magass\u00e1g\u00fa dekant\u00e1l\u00f3 pipa, vagy hull\u00e1mt\u00f6r\u0151 ker\u00fcl be\u00e9p\u00edt\u00e9sre. A t\u00f6bbi fed\u00e9lcsonk technol\u00f3giai, az ig\u00e9nyeknek megfelel\u0151en haszn\u00e1lhat\u00f3 csatlakoz\u00e1sra. K\u00edv\u00e1ns\u00e1gra a pal\u00e1ston elhelyezett PH m\u00e9r\u0151 csonkkal sz\u00e1ll\u00edtjuk. A k\u00e9sz\u00fcl\u00e9kek k\u00fapos &hellip; <\/p>\n<p class=\"link-more\"><a href=\"http:\/\/www.chph.hu\/?page_id=131\" class=\"more-link\"><span class=\"screen-reader-text\">&#8222;K\u00fapos extraktor csal\u00e1d&#8221;<\/span> b\u0151vebben<\/a><\/p>\n","protected":false},"author":1,"featured_media":0,"parent":0,"menu_order":0,"comment_status":"open","ping_status":"open","template":"","meta":{"footnotes":""},"class_list":["post-131","page","type-page","status-publish","hentry"],"_links":{"self":[{"href":"http:\/\/www.chph.hu\/index.php?rest_route=\/wp\/v2\/pages\/131","targetHints":{"allow":["GET"]}}],"collection":[{"href":"http:\/\/www.chph.hu\/index.php?rest_route=\/wp\/v2\/pages"}],"about":[{"href":"http:\/\/www.chph.hu\/index.php?rest_route=\/wp\/v2\/types\/page"}],"author":[{"embeddable":true,"href":"http:\/\/www.chph.hu\/index.php?rest_route=\/wp\/v2\/users\/1"}],"replies":[{"embeddable":true,"href":"http:\/\/www.chph.hu\/index.php?rest_route=%2Fwp%2Fv2%2Fcomments&post=131"}],"version-history":[{"count":3,"href":"http:\/\/www.chph.hu\/index.php?rest_route=\/wp\/v2\/pages\/131\/revisions"}],"predecessor-version":[{"id":160,"href":"http:\/\/www.chph.hu\/index.php?rest_route=\/wp\/v2\/pages\/131\/revisions\/160"}],"wp:attachment":[{"href":"http:\/\/www.chph.hu\/index.php?rest_route=%2Fwp%2Fv2%2Fmedia&parent=131"}],"curies":[{"name":"wp","href":"https:\/\/api.w.org\/{rel}","templated":true}]}}