{"id":181,"date":"2015-04-07T06:54:58","date_gmt":"2015-04-07T06:54:58","guid":{"rendered":"http:\/\/www.chph.hu\/?page_id=181"},"modified":"2015-04-07T07:04:24","modified_gmt":"2015-04-07T07:04:24","slug":"mobil-tartalycsalad","status":"publish","type":"page","link":"http:\/\/www.chph.hu\/?page_id=181","title":{"rendered":"Mobil tart\u00e1lycsal\u00e1d"},"content":{"rendered":"<p style=\"text-align: center;\"><img loading=\"lazy\" decoding=\"async\" class=\" size-full wp-image-182 aligncenter\" src=\"http:\/\/www.chph.hu\/wp-content\/uploads\/2015\/04\/2MT63X100.jpg\" alt=\"2MT63X100\" width=\"355\" height=\"470\" \/><br \/>\nCTK-MT63-100 Sek\u00e9lydombor\u00fa ed\u00e9nyfen\u00e9kkel,<br \/>\nal\u00e1t\u00e1maszt\u00e1s: l\u00e1b<br \/>\n<a href=\"http:\/\/www.chph.hu\/wp-content\/uploads\/2015\/04\/2mt63x100.pdf\" target=\"_blank\">M\u0171szaki le\u00edr\u00e1s, adatok, m\u00e9retek PDF form\u00e1tumban<\/a><\/p>\n<p style=\"text-align: left;\"><span style=\"text-decoration: underline;\"><em>Fel\u00e9p\u00edt\u00e9s<\/em><\/span><br \/>\nA berendez\u00e9s \u00e1ll\u00f3 hengeres, k\u00f6peny n\u00e9lk\u00fcli, vagy hegesztett f\u0171t\u0151 ill. h\u0171t\u0151k\u00f6pennyel duplik\u00e1lt, sek\u00e9lydombor\u00edt\u00e1s\u00fa ed\u00e9nyfenekekkel lez\u00e1rt k\u00e9sz\u00fcl\u00e9k. A k\u00e9sz\u00fcl\u00e9k karim\u00e1kkal osztott kivitel\u0171, klamnis csavarokkal bonthat\u00f3, felnyithat\u00f3 fed\u00e9llel, l\u00e1bakkal al\u00e1t\u00e1masztva. A fed\u00e9len \u00e9s fen\u00e9ken elhelyezett csonkok valamennyi szok\u00e1sos funkci\u00f3 ell\u00e1t\u00e1s\u00e1ra alkalmass\u00e1 teszik, \u00e9s a m\u0171szerek csatlakoz\u00e1s\u00e1t is biztos\u00edtj\u00e1k. A csonkok kivitele karim\u00e1s, ill. elz\u00e1r\u00f3 szerelv\u00e9nyekkel egybe\u00e9p\u00edtett Tri-Clamp csatlakoz\u00e1s\u00fa lehet. K\u00edv\u00e1ns\u00e1gra a fen\u00e9ken elhelyezett als\u00f3 h\u0151m\u00e9r\u0151vel sz\u00e1ll\u00edtjuk. A berendez\u00e9s mobil kivitel\u0171, a kerekek k\u00f6z\u00fcl 2 fix, 2 be\u00e1ll\u00f3, f\u00e9kes kialak\u00edt\u00e1s\u00fa.<\/p>\n<p style=\"text-align: left;\"><span style=\"text-decoration: underline;\"><em>Alkalmaz\u00e1s<\/em><\/span><br \/>\nA szerkezeti anyagk\u00e9nt felhaszn\u00e1lt korr\u00f3zi\u00f3\u00e1ll\u00f3 ac\u00e9lok a k\u00e9sz\u00fcl\u00e9keket \u00e1ltal\u00e1nos vegyipari, gy\u00f3gyszeripari, fest\u00e9k- \u00e9s m\u0171anyagipari, kozmetikai \u00e9s h\u00e1ztart\u00e1svegyipari felhaszn\u00e1l\u00e1sra teszik alkalmass\u00e1.<\/p>\n<p style=\"text-align: left;\"><span style=\"text-decoration: underline;\"><em>Megrendel\u00e9si p\u00e9lda<\/em><\/span><br \/>\nCTK-TS100 mobil tart\u00e1ly, duplik\u00e1lt.<\/p>\n","protected":false},"excerpt":{"rendered":"<p>CTK-MT63-100 Sek\u00e9lydombor\u00fa ed\u00e9nyfen\u00e9kkel, al\u00e1t\u00e1maszt\u00e1s: l\u00e1b M\u0171szaki le\u00edr\u00e1s, adatok, m\u00e9retek PDF form\u00e1tumban Fel\u00e9p\u00edt\u00e9s A berendez\u00e9s \u00e1ll\u00f3 hengeres, k\u00f6peny n\u00e9lk\u00fcli, vagy hegesztett f\u0171t\u0151 ill. h\u0171t\u0151k\u00f6pennyel duplik\u00e1lt, sek\u00e9lydombor\u00edt\u00e1s\u00fa ed\u00e9nyfenekekkel lez\u00e1rt k\u00e9sz\u00fcl\u00e9k. A k\u00e9sz\u00fcl\u00e9k karim\u00e1kkal osztott kivitel\u0171, klamnis csavarokkal bonthat\u00f3, felnyithat\u00f3 fed\u00e9llel, l\u00e1bakkal al\u00e1t\u00e1masztva. A fed\u00e9len \u00e9s fen\u00e9ken elhelyezett csonkok valamennyi szok\u00e1sos funkci\u00f3 ell\u00e1t\u00e1s\u00e1ra alkalmass\u00e1 teszik, \u00e9s a m\u0171szerek &hellip; <\/p>\n<p class=\"link-more\"><a href=\"http:\/\/www.chph.hu\/?page_id=181\" class=\"more-link\"><span class=\"screen-reader-text\">&#8222;Mobil tart\u00e1lycsal\u00e1d&#8221;<\/span> b\u0151vebben<\/a><\/p>\n","protected":false},"author":1,"featured_media":0,"parent":0,"menu_order":0,"comment_status":"open","ping_status":"open","template":"","meta":{"footnotes":""},"class_list":["post-181","page","type-page","status-publish","hentry"],"_links":{"self":[{"href":"http:\/\/www.chph.hu\/index.php?rest_route=\/wp\/v2\/pages\/181","targetHints":{"allow":["GET"]}}],"collection":[{"href":"http:\/\/www.chph.hu\/index.php?rest_route=\/wp\/v2\/pages"}],"about":[{"href":"http:\/\/www.chph.hu\/index.php?rest_route=\/wp\/v2\/types\/page"}],"author":[{"embeddable":true,"href":"http:\/\/www.chph.hu\/index.php?rest_route=\/wp\/v2\/users\/1"}],"replies":[{"embeddable":true,"href":"http:\/\/www.chph.hu\/index.php?rest_route=%2Fwp%2Fv2%2Fcomments&post=181"}],"version-history":[{"count":1,"href":"http:\/\/www.chph.hu\/index.php?rest_route=\/wp\/v2\/pages\/181\/revisions"}],"predecessor-version":[{"id":184,"href":"http:\/\/www.chph.hu\/index.php?rest_route=\/wp\/v2\/pages\/181\/revisions\/184"}],"wp:attachment":[{"href":"http:\/\/www.chph.hu\/index.php?rest_route=%2Fwp%2Fv2%2Fmedia&parent=181"}],"curies":[{"name":"wp","href":"https:\/\/api.w.org\/{rel}","templated":true}]}}