{"id":267,"date":"2015-04-07T09:14:58","date_gmt":"2015-04-07T09:14:58","guid":{"rendered":"http:\/\/www.chph.hu\/?page_id=267"},"modified":"2015-04-07T09:14:58","modified_gmt":"2015-04-07T09:14:58","slug":"talcas-szaritoszekrenyek","status":"publish","type":"page","link":"http:\/\/www.chph.hu\/?page_id=267","title":{"rendered":"T\u00e1lc\u00e1s sz\u00e1r\u00edt\u00f3szekr\u00e9nyek"},"content":{"rendered":"<p style=\"text-align: center;\"><img loading=\"lazy\" decoding=\"async\" class=\" size-full wp-image-268 aligncenter\" src=\"http:\/\/www.chph.hu\/wp-content\/uploads\/2015\/04\/4TD612.jpg\" alt=\"4TD612\" width=\"355\" height=\"470\" \/>CTK-TD6, CTK-TD12 T\u00e1lc\u00e1s sz\u00e1r\u00edt\u00f3szekr\u00e9ny<br \/>\n<a href=\"http:\/\/www.chph.hu\/wp-content\/uploads\/2015\/04\/4td612.pdf\" target=\"_blank\">M\u0171szaki le\u00edr\u00e1s, adatok, m\u00e9retek PDF form\u00e1tumban<\/a><\/p>\n<p><span style=\"text-decoration: underline;\"><em>Fel\u00e9p\u00edt\u00e9s<\/em><\/span><br \/>\nA berendez\u00e9s sav\u00e1ll\u00f3 ac\u00e9lb\u00f3l GMP \u00e9s FDA konform kivitelben k\u00e9sz\u00fcl. A t\u00e1lc\u00e1s sz\u00e1r\u00edt\u00f3szekr\u00e9ny egy z\u00e1rt, h\u0151szigetelt fal\u00fa szekr\u00e9ny, amelybe betolhat\u00f3 egy t\u00e1lc\u00e1kat tartalmaz\u00f3 kocsi. A kocsi fogad\u00f3 t\u00e9r bal \u00e9s jobb oldal\u00e1t keretes sz\u0171r\u0151 hat\u00e1rolja, mely biztos\u00edtja a leveg\u0151eloszt\u00e1st \u00e9s a bel\u00e9p\u0151\/elmen\u0151 leveg\u0151 finomsz\u0171r\u00e9s\u00e9t. A sz\u00e1r\u00edt\u00f3 kocsi egy \u00fan.&#8221;kocsi a kocsin&#8221; megold\u00e1s szerint m\u0171k\u00f6dik. Az als\u00f3 r\u00e9sz feladata a \u201ck\u00fcls\u0151 k\u00f6rnyezetben&#8221; val\u00f3 mozgat\u00e1s, a t\u00e1lc\u00e1k sz\u00e1ll\u00edt\u00e1sa a sz\u00e1r\u00edt\u00f3szekr\u00e9ny \u00e9s az \u00fczem m\u00e1s pontja k\u00f6z\u00f6tt. Az fels\u0151 kocsi tartja a t\u00e1lc\u00e1kat, \u00e9s feladata a t\u00e1lc\u00e1k mozgat\u00e1sa a sz\u00e1r\u00edt\u00f3szekr\u00e9nyben. Ez\u00e1ltal a szekr\u00e9nybe nem ker\u00fclhet be szennyez\u0151d\u00e9s. A kocsin t\u00f6bb szinten 2-2 db egym\u00e1s f\u00f6l\u00f6tt elhelyezett t\u00e1lc\u00e1n ter\u00edtve sz\u00e1rad a nedves szil\u00e1rd anyag. A sz\u00e1r\u00edt\u00f3szekr\u00e9ny fels\u0151 r\u00e9sz\u00e9n tal\u00e1lhat\u00f3 a h\u0151ell\u00e1t\u00f3 rendszer, a szab\u00e1lyz\u00f3 \u00e9s ellen\u0151rz\u0151 m\u0171szerek, a bej\u00f6v\u0151 \u00e9s elmen\u0151 leveg\u0151 csatorn\u00e1j\u00e1hoz csatlakoz\u00f3 csonk. Itt t\u00f6rt\u00e9nik a bel\u00e9p\u0151 \u00e9s kil\u00e9p\u0151 leveg\u0151 el\u0151, ill. biztons\u00e1gi sz\u0171r\u00e9se.<\/p>\n<p><span style=\"text-decoration: underline;\"><em>Alkalmaz\u00e1s<\/em><\/span><br \/>\nA t\u00e1lc\u00e1s sz\u00e1r\u00edt\u00f3szekr\u00e9ny els\u0151sorban viszonylag kis volumen\u0171 v\u00edzzel nedves\u00edtett gy\u00f3gyszeralapanyag \u00e9s v\u00e9gterm\u00e9k sz\u00e1r\u00edt\u00e1s\u00e1ra alkalmas, ahol a sz\u00e1r\u00edtott term\u00e9k a hosszan tart\u00f3, ak\u00e1r t\u00f6bb napos h\u0151hat\u00e1st is elviseli k\u00e1rosod\u00e1s n\u00e9lk\u00fcl.<\/p>\n<p><span style=\"text-decoration: underline;\"><em>M\u0171k\u00f6d\u00e9s<\/em><\/span><br \/>\nA nedvess\u00e9g elp\u00e1rologtat\u00e1s\u00e1hoz sz\u00fcks\u00e9ges h\u0151 \u00e1tad\u00e1sa leveg\u0151 k\u00f6zvet\u00edt\u00e9s\u00e9vel t\u00f6rt\u00e9nik. A sz\u00e1r\u00edt\u00f3t a bef\u00fajt leveg\u0151 h\u0151m\u00e9rs\u00e9klet\u00e9nek \u00e9s mennyis\u00e9g\u00e9nek be\u00e1ll\u00edt\u00e1s\u00e1val szab\u00e1lyozz\u00e1k. A kett\u0151s sz\u0171r\u0151rendszer lehet\u0151v\u00e9 teszi a legig\u00e9nyesebb sz\u00e1r\u00edt\u00e1si feladatok ell\u00e1t\u00e1s\u00e1t \u00e9s kiel\u00e9g\u00edti a szigor\u00fa k\u00f6rnyezetv\u00e9delmi szempontokat is. Alapkiviteln\u00e9l (TD\u2026A) a leveg\u0151 h\u0151m\u00e9rs\u00e9klet\u00e9nek szab\u00e1lyoz\u00e1sa automatikus. A be\u00e9p\u00edtett differenci\u00e1lnyom\u00e1sm\u00e9r\u0151k \u00e9s a h\u0151m\u00e9r\u0151k \u00e1lland\u00f3 t\u00e1j\u00e9koztat\u00e1st adnak a bel\u00e9p\u0151 \u00e9s elmen\u0151 leveg\u0151 param\u00e9tereir\u0151l. A TD\u2026 V t\u00edpus a sz\u00e1r\u00edt\u00e1si ciklus teljes id\u0151tartama alatt, a sz\u00e1r\u00edt\u00f3 leveg\u0151 h\u0151m\u00e9rs\u00e9klete, id\u0151tartama, a l\u00e9g\u00e1raml\u00e1s sebess\u00e9ge szab\u00e1lyozott, ezzel biztos\u00edtjuk a megfelel\u0151 sz\u00e1r\u00edt\u00e1si k\u00f6r\u00fclm\u00e9nyeket, a be \u00e9s kil\u00e9p\u0151 adatok folyamatos adatr\u00f6gz\u00edt\u00e9se mellett. Teljes ki\u00e9p\u00edtetts\u00e9g mellett PLC-S vez\u00e9rl\u00e9s garant\u00e1lja a valid\u00e1lt k\u00f6r\u00fclm\u00e9nyeket.<\/p>\n<p><span style=\"text-decoration: underline;\"><em>Megrendel\u00e9si p\u00e9lda<\/em><\/span><br \/>\nCTK-TD 12 S V t\u00edpus\u00fa t\u00e1lc\u00e1s sz\u00e1r\u00edt\u00f3szekr\u00e9ny g\u0151z f\u0171t\u00e9ssel, vez\u00e9relt kivitelben. El\u0151-ut\u00f3sz\u0171r\u00e9s EU 7, finomsz\u0171r\u00e9s EU 13 fokozat\u00fa.<\/p>\n<p>CTK-TD 6 W A<\/p>\n<p>T\u00edpusa: TD<br \/>\nT\u00e1lc\u00e1k \u00f6sszes fel\u00fclete: 6m2<br \/>\nF\u0171t\u00e9s: &#8216;W&#8217; melegv\u00edz<br \/>\nKivitel: &#8216;A&#8217; alapkivitel, vez\u00e9rl\u00e9s n\u00e9lk\u00fcli rendszer<\/p>\n","protected":false},"excerpt":{"rendered":"<p>CTK-TD6, CTK-TD12 T\u00e1lc\u00e1s sz\u00e1r\u00edt\u00f3szekr\u00e9ny M\u0171szaki le\u00edr\u00e1s, adatok, m\u00e9retek PDF form\u00e1tumban Fel\u00e9p\u00edt\u00e9s A berendez\u00e9s sav\u00e1ll\u00f3 ac\u00e9lb\u00f3l GMP \u00e9s FDA konform kivitelben k\u00e9sz\u00fcl. A t\u00e1lc\u00e1s sz\u00e1r\u00edt\u00f3szekr\u00e9ny egy z\u00e1rt, h\u0151szigetelt fal\u00fa szekr\u00e9ny, amelybe betolhat\u00f3 egy t\u00e1lc\u00e1kat tartalmaz\u00f3 kocsi. A kocsi fogad\u00f3 t\u00e9r bal \u00e9s jobb oldal\u00e1t keretes sz\u0171r\u0151 hat\u00e1rolja, mely biztos\u00edtja a leveg\u0151eloszt\u00e1st \u00e9s a bel\u00e9p\u0151\/elmen\u0151 leveg\u0151 finomsz\u0171r\u00e9s\u00e9t. &hellip; <\/p>\n<p class=\"link-more\"><a href=\"http:\/\/www.chph.hu\/?page_id=267\" class=\"more-link\"><span class=\"screen-reader-text\">&#8222;T\u00e1lc\u00e1s sz\u00e1r\u00edt\u00f3szekr\u00e9nyek&#8221;<\/span> b\u0151vebben<\/a><\/p>\n","protected":false},"author":1,"featured_media":0,"parent":0,"menu_order":0,"comment_status":"open","ping_status":"open","template":"","meta":{"footnotes":""},"class_list":["post-267","page","type-page","status-publish","hentry"],"_links":{"self":[{"href":"http:\/\/www.chph.hu\/index.php?rest_route=\/wp\/v2\/pages\/267","targetHints":{"allow":["GET"]}}],"collection":[{"href":"http:\/\/www.chph.hu\/index.php?rest_route=\/wp\/v2\/pages"}],"about":[{"href":"http:\/\/www.chph.hu\/index.php?rest_route=\/wp\/v2\/types\/page"}],"author":[{"embeddable":true,"href":"http:\/\/www.chph.hu\/index.php?rest_route=\/wp\/v2\/users\/1"}],"replies":[{"embeddable":true,"href":"http:\/\/www.chph.hu\/index.php?rest_route=%2Fwp%2Fv2%2Fcomments&post=267"}],"version-history":[{"count":1,"href":"http:\/\/www.chph.hu\/index.php?rest_route=\/wp\/v2\/pages\/267\/revisions"}],"predecessor-version":[{"id":270,"href":"http:\/\/www.chph.hu\/index.php?rest_route=\/wp\/v2\/pages\/267\/revisions\/270"}],"wp:attachment":[{"href":"http:\/\/www.chph.hu\/index.php?rest_route=%2Fwp%2Fv2%2Fmedia&parent=267"}],"curies":[{"name":"wp","href":"https:\/\/api.w.org\/{rel}","templated":true}]}}

Tálcás szárítószekrények

<p style="text-align: center;"><img loading="lazy" decoding="async" class=" size-full wp-image-268 aligncenter" src="http://www.chph.hu/wp-content/uploads/2015/04/4TD612.jpg" alt="4TD612" width="355" height="470" />CTK-TD6, CTK-TD12 Tálcás szárítószekrény<br />
<a href="http://www.chph.hu/wp-content/uploads/2015/04/4td612.pdf" target="_blank">Műszaki leírás, adatok, méretek PDF formátumban</a></p>
<p><span style="text-decoration: underline;"><em>Felépítés</em></span><br />
A berendezés saválló acélból GMP és FDA konform kivitelben készül. A tálcás szárítószekrény egy zárt, hőszigetelt falú szekrény, amelybe betolható egy tálcákat tartalmazó kocsi. A kocsi fogadó tér bal és jobb oldalát keretes szűrő határolja, mely biztosítja a levegőelosztást és a belépő/elmenő levegő finomszűrését. A szárító kocsi egy ún.&#8221;kocsi a kocsin&#8221; megoldás szerint működik. Az alsó rész feladata a “külső környezetben&#8221; való mozgatás, a tálcák szállítása a szárítószekrény és az üzem más pontja között. Az felső kocsi tartja a tálcákat, és feladata a tálcák mozgatása a szárítószekrényben. Ezáltal a szekrénybe nem kerülhet be szennyeződés. A kocsin több szinten 2-2 db egymás fölött elhelyezett tálcán terítve szárad a nedves szilárd anyag. A szárítószekrény felső részén található a hőellátó rendszer, a szabályzó és ellenőrző műszerek, a bejövő és elmenő levegő csatornájához csatlakozó csonk. Itt történik a belépő és kilépő levegő elő, ill. biztonsági szűrése.</p>
<p><span style="text-decoration: underline;"><em>Alkalmazás</em></span><br />
A tálcás szárítószekrény elsősorban viszonylag kis volumenű vízzel nedvesített gyógyszeralapanyag és végtermék szárítására alkalmas, ahol a szárított termék a hosszan tartó, akár több napos hőhatást is elviseli károsodás nélkül.</p>
<p><span style="text-decoration: underline;"><em>Működés</em></span><br />
A nedvesség elpárologtatásához szükséges hő átadása levegő közvetítésével történik. A szárítót a befújt levegő hőmérsékletének és mennyiségének beállításával szabályozzák. A kettős szűrőrendszer lehetővé teszi a legigényesebb szárítási feladatok ellátását és kielégíti a szigorú környezetvédelmi szempontokat is. Alapkivitelnél (TD…A) a levegő hőmérsékletének szabályozása automatikus. A beépített differenciálnyomásmérők és a hőmérők állandó tájékoztatást adnak a belépő és elmenő levegő paramétereiről. A TD… V típus a szárítási ciklus teljes időtartama alatt, a szárító levegő hőmérséklete, időtartama, a légáramlás sebessége szabályozott, ezzel biztosítjuk a megfelelő szárítási körülményeket, a be és kilépő adatok folyamatos adatrögzítése mellett. Teljes kiépítettség mellett PLC-S vezérlés garantálja a validált körülményeket.</p>
<p><span style="text-decoration: underline;"><em>Megrendelési példa</em></span><br />
CTK-TD 12 S V típusú tálcás szárítószekrény gőz fűtéssel, vezérelt kivitelben. Elő-utószűrés EU 7, finomszűrés EU 13 fokozatú.</p>
<p>CTK-TD 6 W A</p>
<p>Típusa: TD<br />
Tálcák összes felülete: 6m2<br />
Fűtés: &#8216;W&#8217; melegvíz<br />
Kivitel: &#8216;A&#8217; alapkivitel, vezérlés nélküli rendszer</p>

<p>CTK-TD6, CTK-TD12 Tálcás szárítószekrény Műszaki leírás, adatok, méretek PDF formátumban Felépítés A berendezés saválló acélból GMP és FDA konform kivitelben készül. A tálcás szárítószekrény egy zárt, hőszigetelt falú szekrény, amelybe betolható egy tálcákat tartalmazó kocsi. A kocsi fogadó tér bal és jobb oldalát keretes szűrő határolja, mely biztosítja a levegőelosztást és a belépő/elmenő levegő finomszűrését. &hellip; </p>
<p class="link-more"><a href="http://www.chph.hu/?page_id=267" class="more-link"><span class="screen-reader-text">&#8222;Tálcás szárítószekrények&#8221;</span> bővebben</a></p>
