{"id":277,"date":"2015-04-07T09:24:35","date_gmt":"2015-04-07T09:24:35","guid":{"rendered":"http:\/\/www.chph.hu\/?page_id=277"},"modified":"2015-04-07T09:24:35","modified_gmt":"2015-04-07T09:24:35","slug":"konteneres-vakuumszaritok","status":"publish","type":"page","link":"http:\/\/www.chph.hu\/?page_id=277","title":{"rendered":"Kont\u00e9neres v\u00e1kuumsz\u00e1r\u00edt\u00f3k"},"content":{"rendered":"<p style=\"text-align: center;\"><img loading=\"lazy\" decoding=\"async\" class=\" size-full wp-image-278 aligncenter\" src=\"http:\/\/www.chph.hu\/wp-content\/uploads\/2015\/04\/4VDF200X600.jpg\" alt=\"4VDF200X600\" width=\"353\" height=\"470\" \/>CTK-VDF200 Oszlopos kivitel<br \/>\n<a href=\"http:\/\/www.chph.hu\/wp-content\/uploads\/2015\/04\/4vdf200x600.pdf\" target=\"_blank\">M\u0171szaki le\u00edr\u00e1s, adatok, m\u00e9retek PDF form\u00e1tumban<\/a><\/p>\n<p><span style=\"text-decoration: underline;\"><em>Fel\u00e9p\u00edt\u00e9s<\/em><\/span><br \/>\nA sz\u00e1r\u00edt\u00f3 h\u00e1romk\u00f6penyes, k\u00e9tszeresen osztott munkater\u0171, szigetelt, sav\u00e1ll\u00f3 bor\u00edt\u00e1ssal ell\u00e1tott kivitel\u0171. A sz\u00e1r\u00edt\u00f3test k\u00fapos ed\u00e9nyzet\u0171 \u00fcstr\u00e9szb\u0151l \u00e9s az azt lez\u00e1r\u00f3, dombor\u00edtott ed\u00e9nyfenek\u0171 fed\u00e9lb\u0151l, valamint a bels\u0151 f\u0171t\u0151k\u00fapot is tartalmaz\u00f3 fen\u00e9kb\u0151l \u00e1ll. A sz\u00e1r\u00edt\u00f3berendez\u00e9s elektromos hajt\u00e1s\u00fa hajt\u00f3m\u0171vel ell\u00e1tott, a t\u00f6ltet kever\u00e9s\u00e9t spir\u00e1lszalagos, a k\u00fappal\u00e1stot k\u00f6vet\u0151 \u00e9s az als\u00f3 gy\u0171r\u0171-teret teljes sz\u00e9less\u00e9g\u00e9ben \u00e1tj\u00e1r\u00f3 \u201ckapar\u00f3orros&#8221; kever\u0151 biztos\u00edtja. Az als\u00f3 gy\u0171r\u0171t\u00e9r a n\u00e9vleges \u0171rtartalom t\u00f6red\u00e9k t\u00e9rfogat\u00e1nak megfelel\u0151 t\u00f6ltet mellett is megfelel\u0151 sz\u00e1r\u00edt\u00e1si k\u00f6r\u00fclm\u00e9nyeket \u00e9s teljes ki\u00fcr\u00edt\u00e9st biztos\u00edt. A port\u00f6ltet \u00fcr\u00edt\u00e9se holtt\u00e9rmentes s\u00edklaptol\u00f3z\u00e1ras als\u00f3 le\u00fcr\u00edt\u0151n kereszt\u00fcl t\u00f6rt\u00e9nik. Az ed\u00e9ny f\u0171t\u0151-h\u0171t\u0151 k\u00f6penytere ir\u00e1ny\u00edtott k\u00f6zeg\u00e1raml\u00e1st biztos\u00edt a fen\u00e9ken \u00e9s a bels\u0151 f\u0171t\u0151k\u00fapban, a k\u00fapos \u00fcstr\u00e9szen, a sek\u00e9lydombor\u00fa fed\u00e9len \u00e9s csonk-k\u00f6penyeken. A tengelyhajt\u00e1s alapkivitelben \u00e1lland\u00f3 kever\u00e9si fordulatsz\u00e1m\u00fa kialak\u00edt\u00e1ssal rendelkezik, de frekvenciaszab\u00e1lyozott hajt\u00e1ssal is kialak\u00edthat\u00f3. A tengely t\u00f6m\u00edt\u00e9s\u00e9t t\u00f6bbsz\u00f6r\u00f6s, porbehatol\u00e1s ellen nitrog\u00e9n\u00e1rammal v\u00e9dett speci\u00e1lis, grafittal t\u00f6lt\u00f6tt PTFE anyag\u00fa ajkakb\u00f3l \u00f6ssze\u00e1ll\u00edtott, v\u00e9d\u0151erny\u0151vel szerelt t\u00f6mszelence, vagy cs\u00fasz\u00f3gy\u0171r\u0171s t\u00f6mszelence biztos\u00edtja. A sz\u00e1r\u00edt\u00f3test a sz\u00fcks\u00e9ges technol\u00f3giai csatlakoz\u00f3 \u00e9s kezel\u0151 csonkok mellett, v\u00e1kuum manom\u00e9terrel, v\u00e1kuum\u00e1gi porsz\u0171r\u0151vel \u00e9s h\u0151m\u00e9r\u0151vel rendelkezik. A berendez\u00e9s megt\u00e1maszt\u00e1sa az ed\u00e9nyfed\u00e9lre r\u00f6gz\u00edtett \u00e9s k\u00f6rbemen\u0151 cs\u0151vel \u00f6sszefogott l\u00e1bak seg\u00edts\u00e9g\u00e9vel t\u00f6rt\u00e9nik. A berendez\u00e9s kezel\u00e9se a hozz\u00e1 tartoz\u00f3 egyedi, vagy az \u00e9p\u00fclet r\u00e9sz\u00e9t k\u00e9pez\u0151 \u00e9s az al\u00e1t\u00e1maszt\u00e1st biztos\u00edt\u00f3 munka- vagy seg\u00e9dszintr\u00f5l v\u00e9gezhet\u0151.<\/p>\n<p><span style=\"text-decoration: underline;\"><em>Alkalmaz\u00e1s<\/em><\/span><br \/>\nA VDF t\u00edpus\u00fa v\u00e1kuumsz\u00e1r\u00edt\u00f3k a vegyi- \u00e9s gy\u00f3gyszeripari nedves poranyagok (intermedierek, v\u00e9gterm\u00e9kek) sz\u00e1r\u00edt\u00e1s\u00e1ra, alkalmas berendez\u00e9sek. A berendez\u00e9s marad\u00e9ktalanul kiel\u00e9g\u00edti a GMP ir\u00e1nyelveket, k\u00fcl\u00f6n\u00f6s tekintettel a bels\u0151 munkat\u00e9r tisztas\u00e1g\u00e1nak, tiszt\u00edthat\u00f3s\u00e1g\u00e1nak ig\u00e9ny\u00e9re. Agressz\u00edv k\u00f6zegekn\u00e9l a berendez\u00e9s zom\u00e1ncozott kivitelben is rendelhet\u0151.<\/p>\n<p><span style=\"text-decoration: underline;\"><em>M\u0171k\u00f6d\u00e9s<\/em><\/span><br \/>\nA sz\u00e1r\u00edt\u00f3ed\u00e9nybe a nedves anyag az N\u00c1150-es k\u00fcl\u00f6n beadagol\u00f3 csonkon, k\u00e9zi t\u00f6lt\u00e9skor az N\u00c1200-as kezel\u0151csonkon kereszt\u00fcl jut. Az ed\u00e9ny t\u00f6lt\u0151szerelv\u00e9ny\u00e9nek vagy munkany\u00edl\u00e1s\u00e1nak z\u00e1r\u00e1sa ut\u00e1n a v\u00e1kuumg\u00e9p ind\u00edthat\u00f3, majd a sz\u00e1r\u00edt\u00f3ed\u00e9ny fokozatosan v\u00e1kuum al\u00e1 helyezhet\u0151. A k\u00edv\u00e1nt, megfelel\u0151en beszab\u00e1lyozott v\u00e1kuum l\u00e9trej\u00f6tte ut\u00e1n a kever\u0151 beind\u00edthat\u00f3. A kever\u0151 elind\u00edt\u00e1sa ut\u00e1n a kever\u0151tengelyre szerelt spir\u00e1lok az anyagot az ed\u00e9nyfal ment\u00e9n elmozd\u00edtj\u00e1k \u00e9s \u00e1tkeverik. A kever\u0151 ind\u00edt\u00e1s\u00e1t k\u00f6vet\u0151en lehet ind\u00edtani a f\u0171t\u00e9st. A sz\u00e1r\u00edt\u00e1s sor\u00e1n elsz\u00edvott old\u00f3szer g\u0151z\u00f6k kondenz\u00e1l\u00e1sa ut\u00e1n a kondenz\u00e1tum tart\u00e1lyban gy\u0171jthet\u0151 meg. A sz\u00e1r\u00edt\u00e1s v\u00e9g\u00e9n, k\u00fcl\u00f6n\u00f6sen alacsony k\u00edv\u00e1nt nedvess\u00e9gtartalom eset\u00e9n a marad\u00e9k old\u00f3szerg\u0151z\u00f6k elt\u00e1vol\u00edt\u00e1sa \u00e9rdek\u00e9ben nitrog\u00e9n\u00e1ramos \u00e1t\u00f6bl\u00edt\u00e9s alkalmazhat\u00f3. A sz\u00e1r\u00edt\u00e1si folyamat gyors\u00edt\u00e1sa \u00e9rdek\u00e9ben az ed\u00e9ny f\u0171t\u00e9s\u00e9t \u00e9s a por sz\u00e1r\u00edt\u00e1s ut\u00e1ni visszah\u0171t\u00e9s\u00e9t h\u0151fokszab\u00e1lyz\u00f3val ell\u00e1tott, \u00f6n\u00e1ll\u00f3 h\u0171t\u0151f\u0171t\u0151 egys\u00e9ggel c\u00e9lszer\u0171 biztos\u00edtani, melynek m\u0171k\u00f6d\u00e9si param\u00e9tereit a berendez\u00e9s param\u00e9tereivel a telep\u00edt\u00e9s sor\u00e1n \u00f6ssze kell hangolni. A poranyag nedves\u00edt\u0151 old\u00f3szer\u00e9nek f\u00fcggv\u00e9ny\u00e9ben c\u00e9lszer\u0171 kondenz\u00e1torral \u00e9s szed\u0151vel ell\u00e1tott v\u00e1kuumrendszert alkalmazni.<\/p>\n<p><span style=\"text-decoration: underline;\"><em>Megrendel\u00e9si p\u00e9lda<\/em><\/span><br \/>\n200 literes v\u00e1kuumsz\u00e1r\u00edt\u00f3, szerkezeti anyag korr\u00f3zi\u00f3\u00e1ll\u00f3 ac\u00e9l (S): 1.4571: CTK-SVDF200, 1.4571<\/p>\n","protected":false},"excerpt":{"rendered":"<p>CTK-VDF200 Oszlopos kivitel M\u0171szaki le\u00edr\u00e1s, adatok, m\u00e9retek PDF form\u00e1tumban Fel\u00e9p\u00edt\u00e9s A sz\u00e1r\u00edt\u00f3 h\u00e1romk\u00f6penyes, k\u00e9tszeresen osztott munkater\u0171, szigetelt, sav\u00e1ll\u00f3 bor\u00edt\u00e1ssal ell\u00e1tott kivitel\u0171. A sz\u00e1r\u00edt\u00f3test k\u00fapos ed\u00e9nyzet\u0171 \u00fcstr\u00e9szb\u0151l \u00e9s az azt lez\u00e1r\u00f3, dombor\u00edtott ed\u00e9nyfenek\u0171 fed\u00e9lb\u0151l, valamint a bels\u0151 f\u0171t\u0151k\u00fapot is tartalmaz\u00f3 fen\u00e9kb\u0151l \u00e1ll. A sz\u00e1r\u00edt\u00f3berendez\u00e9s elektromos hajt\u00e1s\u00fa hajt\u00f3m\u0171vel ell\u00e1tott, a t\u00f6ltet kever\u00e9s\u00e9t spir\u00e1lszalagos, a k\u00fappal\u00e1stot k\u00f6vet\u0151 \u00e9s &hellip; <\/p>\n<p class=\"link-more\"><a href=\"http:\/\/www.chph.hu\/?page_id=277\" class=\"more-link\"><span class=\"screen-reader-text\">&#8222;Kont\u00e9neres v\u00e1kuumsz\u00e1r\u00edt\u00f3k&#8221;<\/span> b\u0151vebben<\/a><\/p>\n","protected":false},"author":1,"featured_media":0,"parent":0,"menu_order":0,"comment_status":"open","ping_status":"open","template":"","meta":{"footnotes":""},"class_list":["post-277","page","type-page","status-publish","hentry"],"_links":{"self":[{"href":"http:\/\/www.chph.hu\/index.php?rest_route=\/wp\/v2\/pages\/277","targetHints":{"allow":["GET"]}}],"collection":[{"href":"http:\/\/www.chph.hu\/index.php?rest_route=\/wp\/v2\/pages"}],"about":[{"href":"http:\/\/www.chph.hu\/index.php?rest_route=\/wp\/v2\/types\/page"}],"author":[{"embeddable":true,"href":"http:\/\/www.chph.hu\/index.php?rest_route=\/wp\/v2\/users\/1"}],"replies":[{"embeddable":true,"href":"http:\/\/www.chph.hu\/index.php?rest_route=%2Fwp%2Fv2%2Fcomments&post=277"}],"version-history":[{"count":1,"href":"http:\/\/www.chph.hu\/index.php?rest_route=\/wp\/v2\/pages\/277\/revisions"}],"predecessor-version":[{"id":280,"href":"http:\/\/www.chph.hu\/index.php?rest_route=\/wp\/v2\/pages\/277\/revisions\/280"}],"wp:attachment":[{"href":"http:\/\/www.chph.hu\/index.php?rest_route=%2Fwp%2Fv2%2Fmedia&parent=277"}],"curies":[{"name":"wp","href":"https:\/\/api.w.org\/{rel}","templated":true}]}}

Konténeres vákuumszárítók

<p style="text-align: center;"><img loading="lazy" decoding="async" class=" size-full wp-image-278 aligncenter" src="http://www.chph.hu/wp-content/uploads/2015/04/4VDF200X600.jpg" alt="4VDF200X600" width="353" height="470" />CTK-VDF200 Oszlopos kivitel<br />
<a href="http://www.chph.hu/wp-content/uploads/2015/04/4vdf200x600.pdf" target="_blank">Műszaki leírás, adatok, méretek PDF formátumban</a></p>
<p><span style="text-decoration: underline;"><em>Felépítés</em></span><br />
A szárító háromköpenyes, kétszeresen osztott munkaterű, szigetelt, saválló borítással ellátott kivitelű. A szárítótest kúpos edényzetű üstrészből és az azt lezáró, domborított edényfenekű fedélből, valamint a belső fűtőkúpot is tartalmazó fenékből áll. A szárítóberendezés elektromos hajtású hajtóművel ellátott, a töltet keverését spirálszalagos, a kúppalástot követő és az alsó gyűrű-teret teljes szélességében átjáró “kaparóorros&#8221; keverő biztosítja. Az alsó gyűrűtér a névleges űrtartalom töredék térfogatának megfelelő töltet mellett is megfelelő szárítási körülményeket és teljes kiürítést biztosít. A portöltet ürítése holttérmentes síklaptolózáras alsó leürítőn keresztül történik. Az edény fűtő-hűtő köpenytere irányított közegáramlást biztosít a fenéken és a belső fűtőkúpban, a kúpos üstrészen, a sekélydomború fedélen és csonk-köpenyeken. A tengelyhajtás alapkivitelben állandó keverési fordulatszámú kialakítással rendelkezik, de frekvenciaszabályozott hajtással is kialakítható. A tengely tömítését többszörös, porbehatolás ellen nitrogénárammal védett speciális, grafittal töltött PTFE anyagú ajkakból összeállított, védőernyővel szerelt tömszelence, vagy csúszógyűrűs tömszelence biztosítja. A szárítótest a szükséges technológiai csatlakozó és kezelő csonkok mellett, vákuum manométerrel, vákuumági porszűrővel és hőmérővel rendelkezik. A berendezés megtámasztása az edényfedélre rögzített és körbemenő csővel összefogott lábak segítségével történik. A berendezés kezelése a hozzá tartozó egyedi, vagy az épület részét képező és az alátámasztást biztosító munka- vagy segédszintrõl végezhető.</p>
<p><span style="text-decoration: underline;"><em>Alkalmazás</em></span><br />
A VDF típusú vákuumszárítók a vegyi- és gyógyszeripari nedves poranyagok (intermedierek, végtermékek) szárítására, alkalmas berendezések. A berendezés maradéktalanul kielégíti a GMP irányelveket, különös tekintettel a belső munkatér tisztaságának, tisztíthatóságának igényére. Agresszív közegeknél a berendezés zománcozott kivitelben is rendelhető.</p>
<p><span style="text-decoration: underline;"><em>Működés</em></span><br />
A szárítóedénybe a nedves anyag az NÁ150-es külön beadagoló csonkon, kézi töltéskor az NÁ200-as kezelőcsonkon keresztül jut. Az edény töltőszerelvényének vagy munkanyílásának zárása után a vákuumgép indítható, majd a szárítóedény fokozatosan vákuum alá helyezhető. A kívánt, megfelelően beszabályozott vákuum létrejötte után a keverő beindítható. A keverő elindítása után a keverőtengelyre szerelt spirálok az anyagot az edényfal mentén elmozdítják és átkeverik. A keverő indítását követően lehet indítani a fűtést. A szárítás során elszívott oldószer gőzök kondenzálása után a kondenzátum tartályban gyűjthető meg. A szárítás végén, különösen alacsony kívánt nedvességtartalom esetén a maradék oldószergőzök eltávolítása érdekében nitrogénáramos átöblítés alkalmazható. A szárítási folyamat gyorsítása érdekében az edény fűtését és a por szárítás utáni visszahűtését hőfokszabályzóval ellátott, önálló hűtőfűtő egységgel célszerű biztosítani, melynek működési paramétereit a berendezés paramétereivel a telepítés során össze kell hangolni. A poranyag nedvesítő oldószerének függvényében célszerű kondenzátorral és szedővel ellátott vákuumrendszert alkalmazni.</p>
<p><span style="text-decoration: underline;"><em>Megrendelési példa</em></span><br />
200 literes vákuumszárító, szerkezeti anyag korrózióálló acél (S): 1.4571: CTK-SVDF200, 1.4571</p>

<p>CTK-VDF200 Oszlopos kivitel Műszaki leírás, adatok, méretek PDF formátumban Felépítés A szárító háromköpenyes, kétszeresen osztott munkaterű, szigetelt, saválló borítással ellátott kivitelű. A szárítótest kúpos edényzetű üstrészből és az azt lezáró, domborított edényfenekű fedélből, valamint a belső fűtőkúpot is tartalmazó fenékből áll. A szárítóberendezés elektromos hajtású hajtóművel ellátott, a töltet keverését spirálszalagos, a kúppalástot követő és &hellip; </p>
<p class="link-more"><a href="http://www.chph.hu/?page_id=277" class="more-link"><span class="screen-reader-text">&#8222;Konténeres vákuumszárítók&#8221;</span> bővebben</a></p>
