{"id":287,"date":"2015-04-07T09:35:04","date_gmt":"2015-04-07T09:35:04","guid":{"rendered":"http:\/\/www.chph.hu\/?page_id=287"},"modified":"2015-04-07T09:35:04","modified_gmt":"2015-04-07T09:35:04","slug":"labor-vakuumszekrenyek","status":"publish","type":"page","link":"http:\/\/www.chph.hu\/?page_id=287","title":{"rendered":"Labor v\u00e1kuumszekr\u00e9nyek"},"content":{"rendered":"<p style=\"text-align: center;\"><img loading=\"lazy\" decoding=\"async\" class=\" size-full wp-image-288 aligncenter\" src=\"http:\/\/www.chph.hu\/wp-content\/uploads\/2015\/04\/4labvakuum.jpg\" alt=\"4labvakuum\" width=\"354\" height=\"470\" \/>CTK-VTD0,5m\u00b2 &#8211; 2m\u00b2-es Labor v\u00e1kuum sz\u00e1r\u00edt\u00f3szekr\u00e9ny<br \/>\n<a href=\"http:\/\/www.chph.hu\/wp-content\/uploads\/2015\/04\/4labvakuum.pdf\" target=\"_blank\">M\u0171szaki le\u00edr\u00e1s, adatok, m\u00e9retek PDF form\u00e1tumban<\/a><\/p>\n<p><span style=\"text-decoration: underline;\"><em>Fel\u00e9p\u00edt\u00e9s<\/em><\/span><br \/>\nA berendez\u00e9s sav\u00e1ll\u00f3 ac\u00e9lb\u00f3l GMP \u00e9s FDA konform kivitelben k\u00e9sz\u00fcl. A sz\u00e1r\u00edt\u00f3szekr\u00e9ny teljes k\u00fcls\u0151 fel\u00fclete burkolattal ell\u00e1tott, ez\u00e9rt \u00f6n\u00e1ll\u00f3an, vagy falba \u00e9p\u00edtve egyar\u00e1nt telep\u00edthet\u0151. A t\u00e1lc\u00e1s v\u00e1kuum sz\u00e1r\u00edt\u00f3szekr\u00e9ny egy z\u00e1rt, h\u0151szigetelt fal\u00fa f\u0171t\u00f6tt szekr\u00e9ny. A be\u00e9p\u00edtett kamr\u00e1kban t\u00f6bb szinten, egym\u00e1s mellett \u00e9s f\u00f6l\u00f6tt elhelyezett t\u00e1lc\u00e1kon sz\u00e1rad a nedves szil\u00e1rd anyag. A f\u0171t\u00f6tt kamrarendszer biztos\u00edtja az elp\u00e1rologtat\u00e1shoz sz\u00fcks\u00e9ges h\u0151 egyenletes eloszt\u00e1s\u00e1t. A sz\u00e1r\u00edt\u00f3szekr\u00e9ny bels\u0151, valamint a t\u00e1lc\u00e1k eg\u00e9sz fel\u00fclete elektropol\u00edrozott. A zsan\u00e9ros z\u00e1rszerkezet az ajt\u00f3 t\u00f6k\u00e9letes z\u00e1r\u00e1s\u00e1t, \u00edgy a szekr\u00e9ny v\u00e1kuumt\u00f6m\u00f6rs\u00e9g\u00e9t biztos\u00edtja.<\/p>\n<p><span style=\"text-decoration: underline;\"><em>Alkalmaz\u00e1s<\/em><\/span><br \/>\nA t\u00e1lc\u00e1s v\u00e1kuum sz\u00e1r\u00edt\u00f3szekr\u00e9ny els\u0151sorban kis volumen\u0171, nedves\u00edt\u0151 old\u00f3szereket tartalmaz\u00f3 gy\u00f3gyszeralapanyagok \u00e9s v\u00e9gterm\u00e9kek sz\u00e1r\u00edt\u00e1s\u00e1ra alkalmas. 1,5 cm vastag ter\u00edt\u00e9ssel, 90%-os t\u00e9rfogatkit\u00f6lt\u00e9ssel, \u00e9s 700 kg\/m3 sz\u00e1r\u00edtand\u00f3 fuganedves anyag s\u0171r\u0171s\u00e9ggel sz\u00e1molva 0,125 m2-es sz\u00e1r\u00edt\u00f3nkat 1,3 kg, a 0,25 m2-est 2,6 kg, a 0,5 m2-est 5-5,5 kg, az 1m2-est 10-11 kg, m\u00edg a 2 m2-es v\u00e1kuumszekr\u00e9ny\u00fcnket 20-22 kg nedves anyag sz\u00e1r\u00edt\u00e1s\u00e1ra aj\u00e1nljuk. A v\u00e1kuumsz\u00e1r\u00edt\u00f3k m\u00e1sik alkalmaz\u00e1si ter\u00fclete az \u00e9lelmiszeripar (sz\u00e1r\u00edtott gy\u00fcm\u00f6lcs\u00f6k, z\u00f6lds\u00e9gek). Mivel az anyagok nedvess\u00e9gtartalm\u00e1t s\u00faly\u00e1lland\u00f3s\u00e1gig t\u00f6rt\u00e9n\u0151 sz\u00e1r\u00edt\u00e1ssal hat\u00e1rozz\u00e1k meg, a v\u00e1kuum sz\u00e1r\u00edt\u00f3szekr\u00e9ny minden laborat\u00f3rium \u00e1ltal\u00e1nos felszerel\u00e9si eszk\u00f6zei k\u00f6z\u00e9 tartozik. A labor, pilot illetve \u00fczemi m\u00e9ret\u0171 berendez\u00e9s azonos kialak\u00edt\u00e1sa miatt a m\u00e9retn\u00f6vel\u00e9s egyszer\u0171, \u00e9s rendk\u00edv\u00fcl biztons\u00e1gos. Keringetett rendszer\u0171 f\u0171t\u00e9s-h\u0171t\u00e9s eset\u00e9n csek\u00e9ly kieg\u00e9sz\u00edt\u00e9ssel berendez\u00e9s\u00fcnk liofiliz\u00e1l\u00f3k\u00e9nt is haszn\u00e1lhat\u00f3.<\/p>\n<p><span style=\"text-decoration: underline;\"><em>M\u0171k\u00f6d\u00e9s<\/em><\/span><br \/>\nA nedves\u00edt\u0151 old\u00f3szer elp\u00e1rologtat\u00e1s\u00e1hoz sz\u00fcks\u00e9ges h\u0151mennyis\u00e9get a t\u00e1lc\u00e1kat tart\u00f3 kamr\u00e1k k\u00fcls\u0151 fal\u00e1n elhelyezett f\u0171t\u0151k\u00e1belek biztos\u00edtj\u00e1k. A szekr\u00e9ny kamrater\u00e9ben a v\u00e1kuum m\u00e9rt\u00e9k\u00e9t v\u00e1kuumm\u00e9r\u0151vel m\u00e9rj\u00fck. Kil\u00e9p\u00e9si oldalon a p\u00e1rah\u0151m\u00e9rs\u00e9kletet m\u00e9rj\u00fck. Ig\u00e9ny szerint kamr\u00e1nk\u00e9nt elhelyezett h\u0151m\u00e9rs\u00e9klet jelz\u0151 m\u0171szer biztos\u00edtja a h\u0151m\u00e9rs\u00e9klet kijelz\u00e9s\u00e9t, regisztr\u00e1l\u00e1s\u00e1t. A h\u0151m\u00e9r\u0151k adj\u00e1k a f\u0171t\u00e9sszab\u00e1lyz\u00e1s alapjel\u00e9t is. A sz\u00e1r\u00edt\u00e1s befejezt\u00e9vel opcion\u00e1lisan nitrog\u00e9nes \u00e1t\u00f6bl\u00edt\u00e9sre van lehet\u0151s\u00e9g. Opcion\u00e1lisan keringetett f\u0171t\u00e9s-h\u0171t\u00e9s ki\u00e9p\u00edt\u00e9s\u00e9vel is sz\u00e1ll\u00edthat\u00f3 berendez\u00e9s\u00fcnk. Ekkor a k\u00fcl\u00f6n telep\u00edtend\u0151 f\u0171t\u0151blokk elektromos f\u0171t\u00e9se h\u0151k\u00f6zvet\u00edt\u0151 folyad\u00e9kot (melegv\u00edz, olaj) meleg\u00edt fel, majd szab\u00e1lyozott m\u00f3don keringeti a kamr\u00e1k f\u0171t\u0151ter\u00e9ben. Ebben az esetben a k\u00f6zvet\u00edt\u0151 k\u00f6zeg, \u00e9s vele egy\u00fctt a sz\u00e1r\u00edt\u00f3kamr\u00e1k bels\u0151 tere egy h\u0151cser\u00e9l\u0151 k\u00f6zbeiktat\u00e1s\u00e1val h\u0171t\u0151v\u00edzzel visszah\u0171thet\u0151. Nem vizes technol\u00f3gi\u00e1k eset\u00e9n a f\u0171t\u00e9st biztos\u00edt\u00f3 f\u0171t\u00f5sz\u00e1lak az ATEX Zona 1 k\u00f6vetelm\u00e9nyeinek megfelel\u0151en robban\u00e1sbiztos kivitel\u0171ek.<\/p>\n<p><span style=\"text-decoration: underline;\"><em>Megrendel\u00e9si p\u00e9lda<\/em><\/span><br \/>\n(0,5m ): CTK-VTD0,5 labor v\u00e1kuumszekr\u00e9ny<\/p>\n","protected":false},"excerpt":{"rendered":"<p>CTK-VTD0,5m\u00b2 &#8211; 2m\u00b2-es Labor v\u00e1kuum sz\u00e1r\u00edt\u00f3szekr\u00e9ny M\u0171szaki le\u00edr\u00e1s, adatok, m\u00e9retek PDF form\u00e1tumban Fel\u00e9p\u00edt\u00e9s A berendez\u00e9s sav\u00e1ll\u00f3 ac\u00e9lb\u00f3l GMP \u00e9s FDA konform kivitelben k\u00e9sz\u00fcl. A sz\u00e1r\u00edt\u00f3szekr\u00e9ny teljes k\u00fcls\u0151 fel\u00fclete burkolattal ell\u00e1tott, ez\u00e9rt \u00f6n\u00e1ll\u00f3an, vagy falba \u00e9p\u00edtve egyar\u00e1nt telep\u00edthet\u0151. A t\u00e1lc\u00e1s v\u00e1kuum sz\u00e1r\u00edt\u00f3szekr\u00e9ny egy z\u00e1rt, h\u0151szigetelt fal\u00fa f\u0171t\u00f6tt szekr\u00e9ny. A be\u00e9p\u00edtett kamr\u00e1kban t\u00f6bb szinten, egym\u00e1s mellett \u00e9s &hellip; <\/p>\n<p class=\"link-more\"><a href=\"http:\/\/www.chph.hu\/?page_id=287\" class=\"more-link\"><span class=\"screen-reader-text\">&#8222;Labor v\u00e1kuumszekr\u00e9nyek&#8221;<\/span> b\u0151vebben<\/a><\/p>\n","protected":false},"author":1,"featured_media":0,"parent":0,"menu_order":0,"comment_status":"open","ping_status":"open","template":"","meta":{"footnotes":""},"class_list":["post-287","page","type-page","status-publish","hentry"],"_links":{"self":[{"href":"http:\/\/www.chph.hu\/index.php?rest_route=\/wp\/v2\/pages\/287","targetHints":{"allow":["GET"]}}],"collection":[{"href":"http:\/\/www.chph.hu\/index.php?rest_route=\/wp\/v2\/pages"}],"about":[{"href":"http:\/\/www.chph.hu\/index.php?rest_route=\/wp\/v2\/types\/page"}],"author":[{"embeddable":true,"href":"http:\/\/www.chph.hu\/index.php?rest_route=\/wp\/v2\/users\/1"}],"replies":[{"embeddable":true,"href":"http:\/\/www.chph.hu\/index.php?rest_route=%2Fwp%2Fv2%2Fcomments&post=287"}],"version-history":[{"count":1,"href":"http:\/\/www.chph.hu\/index.php?rest_route=\/wp\/v2\/pages\/287\/revisions"}],"predecessor-version":[{"id":290,"href":"http:\/\/www.chph.hu\/index.php?rest_route=\/wp\/v2\/pages\/287\/revisions\/290"}],"wp:attachment":[{"href":"http:\/\/www.chph.hu\/index.php?rest_route=%2Fwp%2Fv2%2Fmedia&parent=287"}],"curies":[{"name":"wp","href":"https:\/\/api.w.org\/{rel}","templated":true}]}}

Labor vákuumszekrények

<p style="text-align: center;"><img loading="lazy" decoding="async" class=" size-full wp-image-288 aligncenter" src="http://www.chph.hu/wp-content/uploads/2015/04/4labvakuum.jpg" alt="4labvakuum" width="354" height="470" />CTK-VTD0,5m² &#8211; 2m²-es Labor vákuum szárítószekrény<br />
<a href="http://www.chph.hu/wp-content/uploads/2015/04/4labvakuum.pdf" target="_blank">Műszaki leírás, adatok, méretek PDF formátumban</a></p>
<p><span style="text-decoration: underline;"><em>Felépítés</em></span><br />
A berendezés saválló acélból GMP és FDA konform kivitelben készül. A szárítószekrény teljes külső felülete burkolattal ellátott, ezért önállóan, vagy falba építve egyaránt telepíthető. A tálcás vákuum szárítószekrény egy zárt, hőszigetelt falú fűtött szekrény. A beépített kamrákban több szinten, egymás mellett és fölött elhelyezett tálcákon szárad a nedves szilárd anyag. A fűtött kamrarendszer biztosítja az elpárologtatáshoz szükséges hő egyenletes elosztását. A szárítószekrény belső, valamint a tálcák egész felülete elektropolírozott. A zsanéros zárszerkezet az ajtó tökéletes zárását, így a szekrény vákuumtömörségét biztosítja.</p>
<p><span style="text-decoration: underline;"><em>Alkalmazás</em></span><br />
A tálcás vákuum szárítószekrény elsősorban kis volumenű, nedvesítő oldószereket tartalmazó gyógyszeralapanyagok és végtermékek szárítására alkalmas. 1,5 cm vastag terítéssel, 90%-os térfogatkitöltéssel, és 700 kg/m3 szárítandó fuganedves anyag sűrűséggel számolva 0,125 m2-es szárítónkat 1,3 kg, a 0,25 m2-est 2,6 kg, a 0,5 m2-est 5-5,5 kg, az 1m2-est 10-11 kg, míg a 2 m2-es vákuumszekrényünket 20-22 kg nedves anyag szárítására ajánljuk. A vákuumszárítók másik alkalmazási területe az élelmiszeripar (szárított gyümölcsök, zöldségek). Mivel az anyagok nedvességtartalmát súlyállandóságig történő szárítással határozzák meg, a vákuum szárítószekrény minden laboratórium általános felszerelési eszközei közé tartozik. A labor, pilot illetve üzemi méretű berendezés azonos kialakítása miatt a méretnövelés egyszerű, és rendkívül biztonságos. Keringetett rendszerű fűtés-hűtés esetén csekély kiegészítéssel berendezésünk liofilizálóként is használható.</p>
<p><span style="text-decoration: underline;"><em>Működés</em></span><br />
A nedvesítő oldószer elpárologtatásához szükséges hőmennyiséget a tálcákat tartó kamrák külső falán elhelyezett fűtőkábelek biztosítják. A szekrény kamraterében a vákuum mértékét vákuummérővel mérjük. Kilépési oldalon a párahőmérsékletet mérjük. Igény szerint kamránként elhelyezett hőmérséklet jelző műszer biztosítja a hőmérséklet kijelzését, regisztrálását. A hőmérők adják a fűtésszabályzás alapjelét is. A szárítás befejeztével opcionálisan nitrogénes átöblítésre van lehetőség. Opcionálisan keringetett fűtés-hűtés kiépítésével is szállítható berendezésünk. Ekkor a külön telepítendő fűtőblokk elektromos fűtése hőközvetítő folyadékot (melegvíz, olaj) melegít fel, majd szabályozott módon keringeti a kamrák fűtőterében. Ebben az esetben a közvetítő közeg, és vele együtt a szárítókamrák belső tere egy hőcserélő közbeiktatásával hűtővízzel visszahűthető. Nem vizes technológiák esetén a fűtést biztosító fűtõszálak az ATEX Zona 1 követelményeinek megfelelően robbanásbiztos kivitelűek.</p>
<p><span style="text-decoration: underline;"><em>Megrendelési példa</em></span><br />
(0,5m ): CTK-VTD0,5 labor vákuumszekrény</p>

<p>CTK-VTD0,5m² &#8211; 2m²-es Labor vákuum szárítószekrény Műszaki leírás, adatok, méretek PDF formátumban Felépítés A berendezés saválló acélból GMP és FDA konform kivitelben készül. A szárítószekrény teljes külső felülete burkolattal ellátott, ezért önállóan, vagy falba építve egyaránt telepíthető. A tálcás vákuum szárítószekrény egy zárt, hőszigetelt falú fűtött szekrény. A beépített kamrákban több szinten, egymás mellett és &hellip; </p>
<p class="link-more"><a href="http://www.chph.hu/?page_id=287" class="more-link"><span class="screen-reader-text">&#8222;Labor vákuumszekrények&#8221;</span> bővebben</a></p>
