{"id":348,"date":"2015-04-07T11:23:57","date_gmt":"2015-04-07T11:23:57","guid":{"rendered":"http:\/\/www.chph.hu\/?page_id=348"},"modified":"2015-04-07T11:23:57","modified_gmt":"2015-04-07T11:23:57","slug":"toltetes-kolonnak","status":"publish","type":"page","link":"http:\/\/www.chph.hu\/?page_id=348","title":{"rendered":"T\u00f6ltetes kolonn\u00e1k"},"content":{"rendered":"<p style=\"text-align: center;\"><img loading=\"lazy\" decoding=\"async\" class=\" size-full wp-image-349 aligncenter\" src=\"http:\/\/www.chph.hu\/wp-content\/uploads\/2015\/04\/6TOLTKOL.jpg\" alt=\"6TOLTKOL\" width=\"353\" height=\"470\" \/>Metanol regener\u00e1l\u00f3, retifik\u00e1l\u00f3 egys\u00e9g<br \/>\nSulzer rendezett t\u00f6ltettel<br \/>\n<a href=\"http:\/\/www.chph.hu\/wp-content\/uploads\/2015\/04\/6TOLTKOL.pdf\" target=\"_blank\">M\u0171szaki le\u00edr\u00e1s, adatok, m\u00e9retek PDF form\u00e1tumban<\/a><\/p>\n<p>Le\u00edr\u00e1s<br \/>\nA t\u00f6ltetes kolonna szerkezetek sz\u00e9lesk\u00f6r\u0171en alkalmazhat\u00f3k a vegyipar ter\u00fclet\u00e9n. A felhaszn\u00e1lt t\u00f6ltet jelleg\u00e9t\u0151l, \u00e9s a folyad\u00e9k oszt\u00f3k kialak\u00edt\u00e1s\u00e1t\u00f3l f\u00fcgg\u0151en adszorpci\u00f3s, kromatograf\u00e1l\u00f3 oszlopk\u00e9nt, abszorpci\u00f3s kolonnak\u00e9nt, valamint desztill\u00e1l\u00f3 kolonnak\u00e9nt alkalmazhat\u00f3k. A szilikag\u00e9l t\u00f6ltet jellemz\u0151en adszorpci\u00f3s c\u00e9l\u00fa felhaszn\u00e1l\u00e1st biztos\u00edt, m\u00edg a k\u00fcl\u00f6nb\u00f6z\u0151 \u00f6mlesztett, (pp., ker\u00e1mia vagy KO anyag\u00fa, Raschig-Pall-nyereg stb.), vagy rendezett t\u00f6ltetek az abszorpci\u00f3s \u00e9s desztill\u00e1l\u00f3 kolonnak\u00e9nt t\u00f6rt\u00e9n\u0151 felhaszn\u00e1l\u00e1st teszik lehet\u0151v\u00e9. K\u00fcl\u00f6nb\u00f6z\u0151 kialak\u00edt\u00e1s\u00fa nyom\u00e1s alatti (pl. abszorbens eloszt\u00e1sa), ill. gravit\u00e1ci\u00f3s ( pl. rektifik\u00e1l\u00f3 kolonn\u00e1k reflux \u00e1ga) folyad\u00e9koszt\u00f3k illeszthet\u0151k az adott technol\u00f3gi\u00e1khoz. Rendezett t\u00f6ltet\u0171 kolonn\u00e1kn\u00e1l a Schulzer c\u00e9g t\u00f6lteteit \u00e9p\u00edtj\u00fck kolonn\u00e1inkba, ig\u00e9ny szerint a t\u00f6ltettart\u00f3k, folyad\u00e9koszt\u00f3k, \u00fajra oszt\u00f3k megfelel\u0151en kiv\u00e1lasztott Schulzer elemekb\u0151l \u00e9p\u00edthet\u0151k. Megfelel\u0151 m\u0171veleti m\u00e9retez\u00e9s ut\u00e1n a megk\u00edv\u00e1nt kolonna szerkezet legy\u00e1rt\u00e1s\u00e1n k\u00edv\u00fcl teljes k\u00f6r\u0171 technol\u00f3giai tervez\u00e9sre \u00e9s kivitelez\u00e9sre is v\u00e1llalkozunk. Az \u00e1ltalunk meg\u00e9p\u00edtett kolonnaszerkezetek be\u00e9p\u00edt\u00e9si m\u00e9ret\u00fcket tekintve sz\u00e9les sk\u00e1l\u00e1n mozognak, az N\u00c1250xH=2m acetil\u00e9nmos\u00f3 kolonnn\u00e1t\u00f3l az \u00d81- 1,5m x H=10 15m oszlopig.<\/p>\n","protected":false},"excerpt":{"rendered":"<p>Metanol regener\u00e1l\u00f3, retifik\u00e1l\u00f3 egys\u00e9g Sulzer rendezett t\u00f6ltettel M\u0171szaki le\u00edr\u00e1s, adatok, m\u00e9retek PDF form\u00e1tumban Le\u00edr\u00e1s A t\u00f6ltetes kolonna szerkezetek sz\u00e9lesk\u00f6r\u0171en alkalmazhat\u00f3k a vegyipar ter\u00fclet\u00e9n. A felhaszn\u00e1lt t\u00f6ltet jelleg\u00e9t\u0151l, \u00e9s a folyad\u00e9k oszt\u00f3k kialak\u00edt\u00e1s\u00e1t\u00f3l f\u00fcgg\u0151en adszorpci\u00f3s, kromatograf\u00e1l\u00f3 oszlopk\u00e9nt, abszorpci\u00f3s kolonnak\u00e9nt, valamint desztill\u00e1l\u00f3 kolonnak\u00e9nt alkalmazhat\u00f3k. A szilikag\u00e9l t\u00f6ltet jellemz\u0151en adszorpci\u00f3s c\u00e9l\u00fa felhaszn\u00e1l\u00e1st biztos\u00edt, m\u00edg a k\u00fcl\u00f6nb\u00f6z\u0151 \u00f6mlesztett, (pp., &hellip; <\/p>\n<p class=\"link-more\"><a href=\"http:\/\/www.chph.hu\/?page_id=348\" class=\"more-link\"><span class=\"screen-reader-text\">&#8222;T\u00f6ltetes kolonn\u00e1k&#8221;<\/span> b\u0151vebben<\/a><\/p>\n","protected":false},"author":1,"featured_media":0,"parent":0,"menu_order":0,"comment_status":"open","ping_status":"open","template":"","meta":{"footnotes":""},"class_list":["post-348","page","type-page","status-publish","hentry"],"_links":{"self":[{"href":"http:\/\/www.chph.hu\/index.php?rest_route=\/wp\/v2\/pages\/348","targetHints":{"allow":["GET"]}}],"collection":[{"href":"http:\/\/www.chph.hu\/index.php?rest_route=\/wp\/v2\/pages"}],"about":[{"href":"http:\/\/www.chph.hu\/index.php?rest_route=\/wp\/v2\/types\/page"}],"author":[{"embeddable":true,"href":"http:\/\/www.chph.hu\/index.php?rest_route=\/wp\/v2\/users\/1"}],"replies":[{"embeddable":true,"href":"http:\/\/www.chph.hu\/index.php?rest_route=%2Fwp%2Fv2%2Fcomments&post=348"}],"version-history":[{"count":1,"href":"http:\/\/www.chph.hu\/index.php?rest_route=\/wp\/v2\/pages\/348\/revisions"}],"predecessor-version":[{"id":351,"href":"http:\/\/www.chph.hu\/index.php?rest_route=\/wp\/v2\/pages\/348\/revisions\/351"}],"wp:attachment":[{"href":"http:\/\/www.chph.hu\/index.php?rest_route=%2Fwp%2Fv2%2Fmedia&parent=348"}],"curies":[{"name":"wp","href":"https:\/\/api.w.org\/{rel}","templated":true}]}}

Töltetes kolonnák

<p style="text-align: center;"><img loading="lazy" decoding="async" class=" size-full wp-image-349 aligncenter" src="http://www.chph.hu/wp-content/uploads/2015/04/6TOLTKOL.jpg" alt="6TOLTKOL" width="353" height="470" />Metanol regeneráló, retifikáló egység<br />
Sulzer rendezett töltettel<br />
<a href="http://www.chph.hu/wp-content/uploads/2015/04/6TOLTKOL.pdf" target="_blank">Műszaki leírás, adatok, méretek PDF formátumban</a></p>
<p>Leírás<br />
A töltetes kolonna szerkezetek széleskörűen alkalmazhatók a vegyipar területén. A felhasznált töltet jellegétől, és a folyadék osztók kialakításától függően adszorpciós, kromatografáló oszlopként, abszorpciós kolonnaként, valamint desztilláló kolonnaként alkalmazhatók. A szilikagél töltet jellemzően adszorpciós célú felhasználást biztosít, míg a különböző ömlesztett, (pp., kerámia vagy KO anyagú, Raschig-Pall-nyereg stb.), vagy rendezett töltetek az abszorpciós és desztilláló kolonnaként történő felhasználást teszik lehetővé. Különböző kialakítású nyomás alatti (pl. abszorbens elosztása), ill. gravitációs ( pl. rektifikáló kolonnák reflux ága) folyadékosztók illeszthetők az adott technológiákhoz. Rendezett töltetű kolonnáknál a Schulzer cég tölteteit építjük kolonnáinkba, igény szerint a töltettartók, folyadékosztók, újra osztók megfelelően kiválasztott Schulzer elemekből építhetők. Megfelelő műveleti méretezés után a megkívánt kolonna szerkezet legyártásán kívül teljes körű technológiai tervezésre és kivitelezésre is vállalkozunk. Az általunk megépített kolonnaszerkezetek beépítési méretüket tekintve széles skálán mozognak, az NÁ250xH=2m acetilénmosó kolonnnától az Ø1- 1,5m x H=10 15m oszlopig.</p>

<p>Metanol regeneráló, retifikáló egység Sulzer rendezett töltettel Műszaki leírás, adatok, méretek PDF formátumban Leírás A töltetes kolonna szerkezetek széleskörűen alkalmazhatók a vegyipar területén. A felhasznált töltet jellegétől, és a folyadék osztók kialakításától függően adszorpciós, kromatografáló oszlopként, abszorpciós kolonnaként, valamint desztilláló kolonnaként alkalmazhatók. A szilikagél töltet jellemzően adszorpciós célú felhasználást biztosít, míg a különböző ömlesztett, (pp., &hellip; </p>
<p class="link-more"><a href="http://www.chph.hu/?page_id=348" class="more-link"><span class="screen-reader-text">&#8222;Töltetes kolonnák&#8221;</span> bővebben</a></p>
