{"id":507,"date":"2015-04-08T11:05:29","date_gmt":"2015-04-08T11:05:29","guid":{"rendered":"http:\/\/www.chph.hu\/?page_id=507"},"modified":"2023-03-08T14:00:24","modified_gmt":"2023-03-08T12:00:24","slug":"dimeb-labor","status":"publish","type":"page","link":"http:\/\/www.chph.hu\/?page_id=507","title":{"rendered":"DIMEB Labor"},"content":{"rendered":"<h3 style=\"text-align: center;\">Cyclolab Kft.<\/h3>\n<p style=\"text-align: left;\" align=\"center\">A Chemitechnik<span lang=\"en\">\u00a0<\/span>Pharma<span lang=\"en\">\u00a0<\/span>Kft. elk\u00e9sz\u00edtette a Cyclolab Kft. DIMEB gy\u00e1rt\u00e1s kapacit\u00e1s b\u0151v\u00edt\u00e9s\u00e9nek, a gy\u00e1rt\u00e1s berendez\u00e9seinek \u00e9s kiszolg\u00e1l\u00f3 egys\u00e9geinek cGMP \u00e9s FDA konform megval\u00f3s\u00edthat\u00f3s\u00e1gi tanulm\u00e1ny \u00e9s kiviteli terveit valamint elv\u00e9gezte a l\u00e9tes\u00edtm\u00e9ny valid\u00e1l\u00e1s\u00e1t.<br \/>\nA dokument\u00e1ci\u00f3k angol nyelven k\u00e9sz\u00fcltek el.<\/p>\n<table width=\"50%\">\n<tbody>\n<tr>\n<td width=\"50%\"><em>Tervez\u00e9s \u00e9ve:<\/em><\/td>\n<td>2000<\/td>\n<\/tr>\n<tr>\n<td width=\"50%\"><em>Kivitelez\u00e9s \u00e9ve:<\/em><\/td>\n<td>2000<\/td>\n<\/tr>\n<tr>\n<td width=\"50%\"><em>Be\u00e9p\u00edtett ter\u00fclet:<\/em><\/td>\n<td>110 m\u00b2<\/td>\n<\/tr>\n<\/tbody>\n<\/table>\n<hr \/>\n<div id='gallery-1' class='gallery galleryid-507 gallery-columns-2 gallery-size-full'><figure class='gallery-item'>\n\t\t\t<div class='gallery-icon landscape'>\n\t\t\t\t<img loading=\"lazy\" decoding=\"async\" width=\"1152\" height=\"864\" src=\"http:\/\/www.chph.hu\/wp-content\/uploads\/2015\/04\/DCP035021.jpg\" class=\"attachment-full size-full\" alt=\"\" srcset=\"http:\/\/www.chph.hu\/wp-content\/uploads\/2015\/04\/DCP035021.jpg 1152w, http:\/\/www.chph.hu\/wp-content\/uploads\/2015\/04\/DCP035021-600x450.jpg 600w\" sizes=\"auto, 100vw\" \/>\n\t\t\t<\/div><\/figure><figure class='gallery-item'>\n\t\t\t<div class='gallery-icon landscape'>\n\t\t\t\t<img loading=\"lazy\" decoding=\"async\" width=\"1152\" height=\"864\" src=\"http:\/\/www.chph.hu\/wp-content\/uploads\/2015\/04\/DCP035001.jpg\" class=\"attachment-full size-full\" alt=\"\" srcset=\"http:\/\/www.chph.hu\/wp-content\/uploads\/2015\/04\/DCP035001.jpg 1152w, http:\/\/www.chph.hu\/wp-content\/uploads\/2015\/04\/DCP035001-600x450.jpg 600w\" sizes=\"auto, 100vw\" \/>\n\t\t\t<\/div><\/figure><figure class='gallery-item'>\n\t\t\t<div class='gallery-icon landscape'>\n\t\t\t\t<img loading=\"lazy\" decoding=\"async\" width=\"1152\" height=\"864\" src=\"http:\/\/www.chph.hu\/wp-content\/uploads\/2015\/04\/DCP035011.jpg\" class=\"attachment-full size-full\" alt=\"\" srcset=\"http:\/\/www.chph.hu\/wp-content\/uploads\/2015\/04\/DCP035011.jpg 1152w, http:\/\/www.chph.hu\/wp-content\/uploads\/2015\/04\/DCP035011-600x450.jpg 600w\" sizes=\"auto, 100vw\" \/>\n\t\t\t<\/div><\/figure><figure class='gallery-item'>\n\t\t\t<div class='gallery-icon landscape'>\n\t\t\t\t<img loading=\"lazy\" decoding=\"async\" width=\"1152\" height=\"864\" src=\"http:\/\/www.chph.hu\/wp-content\/uploads\/2015\/04\/DCP030281.jpg\" class=\"attachment-full size-full\" alt=\"\" srcset=\"http:\/\/www.chph.hu\/wp-content\/uploads\/2015\/04\/DCP030281.jpg 1152w, http:\/\/www.chph.hu\/wp-content\/uploads\/2015\/04\/DCP030281-600x450.jpg 600w\" sizes=\"auto, 100vw\" \/>\n\t\t\t<\/div><\/figure><figure class='gallery-item'>\n\t\t\t<div class='gallery-icon portrait'>\n\t\t\t\t<img loading=\"lazy\" decoding=\"async\" width=\"864\" height=\"1152\" src=\"http:\/\/www.chph.hu\/wp-content\/uploads\/2015\/04\/DCP030371.jpg\" class=\"attachment-full size-full\" alt=\"\" srcset=\"http:\/\/www.chph.hu\/wp-content\/uploads\/2015\/04\/DCP030371.jpg 864w, http:\/\/www.chph.hu\/wp-content\/uploads\/2015\/04\/DCP030371-600x800.jpg 600w\" sizes=\"auto, 100vw\" \/>\n\t\t\t<\/div><\/figure>\n\t\t<\/div>\n\n<hr \/>\n","protected":false},"excerpt":{"rendered":"<p>Cyclolab Kft. A Chemitechnik\u00a0Pharma\u00a0Kft. elk\u00e9sz\u00edtette a Cyclolab Kft. DIMEB gy\u00e1rt\u00e1s kapacit\u00e1s b\u0151v\u00edt\u00e9s\u00e9nek, a gy\u00e1rt\u00e1s berendez\u00e9seinek \u00e9s kiszolg\u00e1l\u00f3 egys\u00e9geinek cGMP \u00e9s FDA konform megval\u00f3s\u00edthat\u00f3s\u00e1gi tanulm\u00e1ny \u00e9s kiviteli terveit valamint elv\u00e9gezte a l\u00e9tes\u00edtm\u00e9ny valid\u00e1l\u00e1s\u00e1t. A dokument\u00e1ci\u00f3k angol nyelven k\u00e9sz\u00fcltek el. Tervez\u00e9s \u00e9ve: 2000 Kivitelez\u00e9s \u00e9ve: 2000 Be\u00e9p\u00edtett ter\u00fclet: 110 m\u00b2<\/p>\n","protected":false},"author":1,"featured_media":0,"parent":0,"menu_order":0,"comment_status":"open","ping_status":"open","template":"","meta":{"footnotes":""},"class_list":["post-507","page","type-page","status-publish","hentry"],"_links":{"self":[{"href":"http:\/\/www.chph.hu\/index.php?rest_route=\/wp\/v2\/pages\/507","targetHints":{"allow":["GET"]}}],"collection":[{"href":"http:\/\/www.chph.hu\/index.php?rest_route=\/wp\/v2\/pages"}],"about":[{"href":"http:\/\/www.chph.hu\/index.php?rest_route=\/wp\/v2\/types\/page"}],"author":[{"embeddable":true,"href":"http:\/\/www.chph.hu\/index.php?rest_route=\/wp\/v2\/users\/1"}],"replies":[{"embeddable":true,"href":"http:\/\/www.chph.hu\/index.php?rest_route=%2Fwp%2Fv2%2Fcomments&post=507"}],"version-history":[{"count":6,"href":"http:\/\/www.chph.hu\/index.php?rest_route=\/wp\/v2\/pages\/507\/revisions"}],"predecessor-version":[{"id":1864,"href":"http:\/\/www.chph.hu\/index.php?rest_route=\/wp\/v2\/pages\/507\/revisions\/1864"}],"wp:attachment":[{"href":"http:\/\/www.chph.hu\/index.php?rest_route=%2Fwp%2Fv2%2Fmedia&parent=507"}],"curies":[{"name":"wp","href":"https:\/\/api.w.org\/{rel}","templated":true}]}}