{"id":619,"date":"2015-04-09T09:39:37","date_gmt":"2015-04-09T07:39:37","guid":{"rendered":"http:\/\/www.chph.hu\/?page_id=619"},"modified":"2023-03-08T14:05:19","modified_gmt":"2023-03-08T12:05:19","slug":"pg-uzletag-vegfeldolgozo-uzem-letesitese","status":"publish","type":"page","link":"http:\/\/www.chph.hu\/?page_id=619","title":{"rendered":"PG \u00fczlet\u00e1g V\u00e9gfeldolgoz\u00f3 \u00fczem l\u00e9tes\u00edt\u00e9se"},"content":{"rendered":"<h3 style=\"text-align: center;\">Sanofi-Synthelabo Chinoin Rt.<\/h3>\n<p style=\"text-align: left;\" align=\"center\">A PG \u00fczlet\u00e1g \u00e1thelyezte v\u00e9gfeldolgoz\u00f3j\u00e1t egy \u00faj \u00e9p\u00fcletbe \u00fagy, hogy a technol\u00f3giai \u00e1ttelep\u00edt\u00e9s ut\u00e1n a kapacit\u00e1s a kor\u00e1bbihoz k\u00e9pest a n\u00e9gyszeres\u00e9re n\u0151tt.<br \/>\nA Chemitechnik<span lang=\"en\">\u00a0<\/span>Pharma<span lang=\"en\">\u00a0<\/span>Kft. elk\u00e9sz\u00edtette az ehhez sz\u00fcks\u00e9ges technol\u00f3giai g\u00e9p\u00e9szeti terveket \u00e9s az \u00e1ttelep\u00edt\u00e9shez tartoz\u00f3 \u00e1ltal\u00e1nos \u00e9s speci\u00e1lis szolg\u00e1ltat\u00e1sok terveit.<br \/>\nBe\u00e9p\u00edt\u00e9sre ker\u00fclt t\u00f6bbek k\u00f6z\u00f6tt egy 400 l-es autokl\u00e1v, 15db \u00e1ll\u00f3 \u00e9s fekv\u0151 tart\u00e1ly (1000 l-t\u0151l 160 l-ig), 18db mobil tart\u00e1ly (150 l-t\u0151l 10 l-ig), 3db 500 l-es h\u0171t\u0151szekr\u00e9ny valamint rotavapor, sz\u0171r\u0151, szit\u00e1l\u00f3 \u0151rl\u0151 \u00e9s liofiliz\u00e1l\u00f3 is.<br \/>\nAz alkalmazott megold\u00e1sok biztos\u00edtj\u00e1k a kivitelez\u00e9s ut\u00e1n megval\u00f3sult v\u00e9gfeldolgoz\u00f3val szemben t\u00e1masztott cGMP \u00e9s FDA el\u0151\u00edr\u00e1sait \u00e9s k\u00f6vetelm\u00e9nyeit.<\/p>\n<table width=\"50%\">\n<tbody>\n<tr>\n<td width=\"50%\"><em>Tervez\u00e9s \u00e9ve:<\/em><\/td>\n<td>2002<\/td>\n<\/tr>\n<tr>\n<td width=\"50%\"><em>Kivitelez\u00e9s \u00e9ve:<\/em><\/td>\n<td>2002<\/td>\n<\/tr>\n<tr>\n<td width=\"50%\"><em>Be\u00e9p\u00edtett ter\u00fclet:<\/em><\/td>\n<td>400 m\u00b2<\/td>\n<\/tr>\n<tr>\n<td width=\"50%\"><em>Be\u00e9p\u00edtett k\u00e9sz\u00fcl\u00e9k t\u00e9rfogat:<\/em><\/td>\n<td>6 m\u00b3<\/td>\n<\/tr>\n<tr>\n<td width=\"50%\"><em>Kapacit\u00e1s:<\/em><\/td>\n<td>n\u00e9gyszeresre n\u00f6vekedett<\/td>\n<\/tr>\n<\/tbody>\n<\/table>\n<hr \/>\n<p style=\"text-align: left;\" align=\"center\">\n<div id='gallery-1' class='gallery galleryid-619 gallery-columns-2 gallery-size-full'><figure class='gallery-item'>\n\t\t\t<div class='gallery-icon landscape'>\n\t\t\t\t<img loading=\"lazy\" decoding=\"async\" width=\"1600\" height=\"1280\" src=\"http:\/\/www.chph.hu\/wp-content\/uploads\/2015\/04\/IM0018531.jpg\" class=\"attachment-full size-full\" alt=\"\" srcset=\"http:\/\/www.chph.hu\/wp-content\/uploads\/2015\/04\/IM0018531.jpg 1600w, http:\/\/www.chph.hu\/wp-content\/uploads\/2015\/04\/IM0018531-600x480.jpg 600w, http:\/\/www.chph.hu\/wp-content\/uploads\/2015\/04\/IM0018531-300x240.jpg 300w, http:\/\/www.chph.hu\/wp-content\/uploads\/2015\/04\/IM0018531-1024x819.jpg 1024w\" sizes=\"auto, 100vw\" \/>\n\t\t\t<\/div><\/figure><figure class='gallery-item'>\n\t\t\t<div class='gallery-icon landscape'>\n\t\t\t\t<img loading=\"lazy\" decoding=\"async\" width=\"1600\" height=\"1280\" src=\"http:\/\/www.chph.hu\/wp-content\/uploads\/2015\/04\/IM0018631.jpg\" class=\"attachment-full size-full\" alt=\"\" srcset=\"http:\/\/www.chph.hu\/wp-content\/uploads\/2015\/04\/IM0018631.jpg 1600w, http:\/\/www.chph.hu\/wp-content\/uploads\/2015\/04\/IM0018631-600x480.jpg 600w, http:\/\/www.chph.hu\/wp-content\/uploads\/2015\/04\/IM0018631-300x240.jpg 300w, http:\/\/www.chph.hu\/wp-content\/uploads\/2015\/04\/IM0018631-1024x819.jpg 1024w\" sizes=\"auto, 100vw\" \/>\n\t\t\t<\/div><\/figure><figure class='gallery-item'>\n\t\t\t<div class='gallery-icon portrait'>\n\t\t\t\t<img loading=\"lazy\" decoding=\"async\" width=\"1280\" height=\"1600\" src=\"http:\/\/www.chph.hu\/wp-content\/uploads\/2015\/04\/IM0018501.jpg\" class=\"attachment-full size-full\" alt=\"\" srcset=\"http:\/\/www.chph.hu\/wp-content\/uploads\/2015\/04\/IM0018501.jpg 1280w, http:\/\/www.chph.hu\/wp-content\/uploads\/2015\/04\/IM0018501-600x750.jpg 600w, http:\/\/www.chph.hu\/wp-content\/uploads\/2015\/04\/IM0018501-240x300.jpg 240w, http:\/\/www.chph.hu\/wp-content\/uploads\/2015\/04\/IM0018501-819x1024.jpg 819w\" sizes=\"auto, 100vw\" \/>\n\t\t\t<\/div><\/figure><figure class='gallery-item'>\n\t\t\t<div class='gallery-icon portrait'>\n\t\t\t\t<img loading=\"lazy\" decoding=\"async\" width=\"1280\" height=\"1600\" src=\"http:\/\/www.chph.hu\/wp-content\/uploads\/2015\/04\/IM0018461.jpg\" class=\"attachment-full size-full\" alt=\"\" srcset=\"http:\/\/www.chph.hu\/wp-content\/uploads\/2015\/04\/IM0018461.jpg 1280w, http:\/\/www.chph.hu\/wp-content\/uploads\/2015\/04\/IM0018461-600x750.jpg 600w, http:\/\/www.chph.hu\/wp-content\/uploads\/2015\/04\/IM0018461-240x300.jpg 240w, http:\/\/www.chph.hu\/wp-content\/uploads\/2015\/04\/IM0018461-819x1024.jpg 819w\" sizes=\"auto, 100vw\" \/>\n\t\t\t<\/div><\/figure><figure class='gallery-item'>\n\t\t\t<div class='gallery-icon portrait'>\n\t\t\t\t<img loading=\"lazy\" decoding=\"async\" width=\"1280\" height=\"1600\" src=\"http:\/\/www.chph.hu\/wp-content\/uploads\/2015\/04\/IM0018661.jpg\" class=\"attachment-full size-full\" alt=\"\" srcset=\"http:\/\/www.chph.hu\/wp-content\/uploads\/2015\/04\/IM0018661.jpg 1280w, http:\/\/www.chph.hu\/wp-content\/uploads\/2015\/04\/IM0018661-600x750.jpg 600w, http:\/\/www.chph.hu\/wp-content\/uploads\/2015\/04\/IM0018661-240x300.jpg 240w, http:\/\/www.chph.hu\/wp-content\/uploads\/2015\/04\/IM0018661-819x1024.jpg 819w\" sizes=\"auto, 100vw\" \/>\n\t\t\t<\/div><\/figure>\n\t\t<\/div>\n\n<hr \/>\n<p style=\"text-align: left;\" align=\"center\">\n","protected":false},"excerpt":{"rendered":"<p>Sanofi-Synthelabo Chinoin Rt. A PG \u00fczlet\u00e1g \u00e1thelyezte v\u00e9gfeldolgoz\u00f3j\u00e1t egy \u00faj \u00e9p\u00fcletbe \u00fagy, hogy a technol\u00f3giai \u00e1ttelep\u00edt\u00e9s ut\u00e1n a kapacit\u00e1s a kor\u00e1bbihoz k\u00e9pest a n\u00e9gyszeres\u00e9re n\u0151tt. A Chemitechnik\u00a0Pharma\u00a0Kft. elk\u00e9sz\u00edtette az ehhez sz\u00fcks\u00e9ges technol\u00f3giai g\u00e9p\u00e9szeti terveket \u00e9s az \u00e1ttelep\u00edt\u00e9shez tartoz\u00f3 \u00e1ltal\u00e1nos \u00e9s speci\u00e1lis szolg\u00e1ltat\u00e1sok terveit. Be\u00e9p\u00edt\u00e9sre ker\u00fclt t\u00f6bbek k\u00f6z\u00f6tt egy 400 l-es autokl\u00e1v, 15db \u00e1ll\u00f3 \u00e9s fekv\u0151 &hellip; <\/p>\n<p class=\"link-more\"><a href=\"http:\/\/www.chph.hu\/?page_id=619\" class=\"more-link\"><span class=\"screen-reader-text\">&#8222;PG \u00fczlet\u00e1g V\u00e9gfeldolgoz\u00f3 \u00fczem l\u00e9tes\u00edt\u00e9se&#8221;<\/span> b\u0151vebben<\/a><\/p>\n","protected":false},"author":1,"featured_media":0,"parent":0,"menu_order":0,"comment_status":"open","ping_status":"open","template":"","meta":{"footnotes":""},"class_list":["post-619","page","type-page","status-publish","hentry"],"_links":{"self":[{"href":"http:\/\/www.chph.hu\/index.php?rest_route=\/wp\/v2\/pages\/619","targetHints":{"allow":["GET"]}}],"collection":[{"href":"http:\/\/www.chph.hu\/index.php?rest_route=\/wp\/v2\/pages"}],"about":[{"href":"http:\/\/www.chph.hu\/index.php?rest_route=\/wp\/v2\/types\/page"}],"author":[{"embeddable":true,"href":"http:\/\/www.chph.hu\/index.php?rest_route=\/wp\/v2\/users\/1"}],"replies":[{"embeddable":true,"href":"http:\/\/www.chph.hu\/index.php?rest_route=%2Fwp%2Fv2%2Fcomments&post=619"}],"version-history":[{"count":2,"href":"http:\/\/www.chph.hu\/index.php?rest_route=\/wp\/v2\/pages\/619\/revisions"}],"predecessor-version":[{"id":1872,"href":"http:\/\/www.chph.hu\/index.php?rest_route=\/wp\/v2\/pages\/619\/revisions\/1872"}],"wp:attachment":[{"href":"http:\/\/www.chph.hu\/index.php?rest_route=%2Fwp%2Fv2%2Fmedia&parent=619"}],"curies":[{"name":"wp","href":"https:\/\/api.w.org\/{rel}","templated":true}]}}