{"id":663,"date":"2015-04-09T10:57:18","date_gmt":"2015-04-09T08:57:18","guid":{"rendered":"http:\/\/www.chph.hu\/?page_id=663"},"modified":"2023-03-08T13:36:09","modified_gmt":"2023-03-08T11:36:09","slug":"irodak","status":"publish","type":"page","link":"http:\/\/www.chph.hu\/?page_id=663","title":{"rendered":"Irod\u00e1k"},"content":{"rendered":"<p><span style=\"font-family: Arial,Helvetica,sans-serif; font-size: medium;\">A vegyipari \u00e9s finom vegyipari v\u00e1llalatok ir\u00e1ny\u00edt\u00e1s\u00e1hoz \u00e9s m\u0171k\u00f6dtet\u00e9s\u00e9hez sz\u00fcks\u00e9ges irod\u00e1k &#8211; a m\u0171vezet\u0151i irod\u00e1t\u00f3l kezdve eg\u00e9szen a top management irod\u00e1ig &#8211; sokf\u00e9le funkci\u00f3t bet\u00f6lthetnek. Ennek megfelel\u0151en, haz\u00e1nkban \u00e9s k\u00fclf\u00f6ld\u00f6n is m\u0171k\u00f6dnek T\u00e1rsas\u00e1gunk \u00e1ltal tervezett irod\u00e1k, melyek m\u00e9reteiket tekintve lehetnek egy \u00e9p\u00fcleten, csarnokon bel\u00fcli kis helyis\u00e9gek vagy ak\u00e1r \u00f6n\u00e1ll\u00f3, t\u00f6bbszintes iroda\u00e9p\u00fcletek.<\/span><\/p>\n<p><span style=\"font-family: Arial,Helvetica,sans-serif; font-size: medium;\">A termel\u00e9shez k\u00f6zvetlen\u00fcl kapcsol\u00f3d\u00f3 irod\u00e1k t\u00f6bbs\u00e9g\u00e9nek csak \u00fczemi bej\u00e1rata van, \u00e9s az legt\u00f6bbsz\u00f6r a termel\u0151 ter\u00fcletr\u0151l, vagy annak k\u00f6zvetlen k\u00f6zel\u00e9b\u0151l ny\u00edlik, esetleg fej\u00e9p\u00fcletk\u00e9nt vagy nyaktaggal kapcsol\u00f3dik a termel\u0151 ter\u00fclethez.<\/span><\/p>\n<p><span style=\"font-family: Arial,Helvetica,sans-serif; font-size: medium;\">Az irod\u00e1k sokszor a kutat\u00e1s ill. az anal\u00edzis laborat\u00f3rium\u00e1val egy\u00fctt k\u00e9sz\u00fclnek. Ilyen esetben legt\u00f6bbsz\u00f6r egy \u00e9p\u00fcletben, s\u0151t, gyakran azonos szinteken tal\u00e1lkozunk a k\u00e9t funkci\u00f3val.<\/span><\/p>\n<p><span style=\"font-family: Arial,Helvetica,sans-serif; font-size: medium;\">El\u0151fordul, hogy az irodai funkci\u00f3 k\u00f6zvetlen\u00fcl nem kapcsol\u00f3dik sem a termel\u00e9shez, sem a laborokhoz. Ilyenkor egy \u00f6n\u00e1ll\u00f3 irodah\u00e1z l\u00e9tes\u00edt\u00e9se javasolt.<\/span><\/p>\n<p><span style=\"font-family: Arial,Helvetica,sans-serif; font-size: medium;\">Az irod\u00e1kkal szemben t\u00e1masztott k\u00f6vetelm\u00e9nyek n\u00e9mileg elt\u00e9rnek a vegyipar egy\u00e9b \u00e9p\u00fcleteinek k\u00f6vetelm\u00e9nyeit\u0151l. A term\u00e9szetes vil\u00e1g\u00edt\u00e1s \u00e9s szell\u0151z\u00e9s mellett a 20-25\u00b0C-os h\u0151m\u00e9rs\u00e9kletet is biztos\u00edtani kell, ami egyre komolyabb klimatiz\u00e1l\u00e1si feladat.<\/span><\/p>\n<p><span style=\"font-family: Arial,Helvetica,sans-serif; font-size: medium;\">A helyis\u00e9gekben felhalmozott eszk\u00f6z\u00f6k \u00e9s szellemi \u00e9rt\u00e9kek miatt a biztons\u00e1gtechnika is egyre ink\u00e1bb velej\u00e1r\u00f3ja az irod\u00e1knak.<\/span><\/p>\n<p><span style=\"font-family: Arial,Helvetica,sans-serif; font-size: medium;\">Munk\u00e1ink k\u00f6z\u00f6tt megtal\u00e1lhat\u00f3, a n\u00e9h\u00e1ny t\u00edz n\u00e9gyzetm\u00e9teres hazai irodai \u00e1talak\u00edt\u00e1st\u00f3l a t\u00f6bb ezer n\u00e9gyzetm\u00e9teres nemzetk\u00f6zi beruh\u00e1z\u00e1sig, mindenf\u00e9le feladat.<\/span><\/p>\n","protected":false},"excerpt":{"rendered":"<p>A vegyipari \u00e9s finom vegyipari v\u00e1llalatok ir\u00e1ny\u00edt\u00e1s\u00e1hoz \u00e9s m\u0171k\u00f6dtet\u00e9s\u00e9hez sz\u00fcks\u00e9ges irod\u00e1k &#8211; a m\u0171vezet\u0151i irod\u00e1t\u00f3l kezdve eg\u00e9szen a top management irod\u00e1ig &#8211; sokf\u00e9le funkci\u00f3t bet\u00f6lthetnek. Ennek megfelel\u0151en, haz\u00e1nkban \u00e9s k\u00fclf\u00f6ld\u00f6n is m\u0171k\u00f6dnek T\u00e1rsas\u00e1gunk \u00e1ltal tervezett irod\u00e1k, melyek m\u00e9reteiket tekintve lehetnek egy \u00e9p\u00fcleten, csarnokon bel\u00fcli kis helyis\u00e9gek vagy ak\u00e1r \u00f6n\u00e1ll\u00f3, t\u00f6bbszintes iroda\u00e9p\u00fcletek. A termel\u00e9shez k\u00f6zvetlen\u00fcl kapcsol\u00f3d\u00f3 &hellip; <\/p>\n<p class=\"link-more\"><a href=\"http:\/\/www.chph.hu\/?page_id=663\" class=\"more-link\"><span class=\"screen-reader-text\">&#8222;Irod\u00e1k&#8221;<\/span> b\u0151vebben<\/a><\/p>\n","protected":false},"author":1,"featured_media":0,"parent":0,"menu_order":0,"comment_status":"closed","ping_status":"open","template":"","meta":{"footnotes":""},"class_list":["post-663","page","type-page","status-publish","hentry"],"_links":{"self":[{"href":"http:\/\/www.chph.hu\/index.php?rest_route=\/wp\/v2\/pages\/663","targetHints":{"allow":["GET"]}}],"collection":[{"href":"http:\/\/www.chph.hu\/index.php?rest_route=\/wp\/v2\/pages"}],"about":[{"href":"http:\/\/www.chph.hu\/index.php?rest_route=\/wp\/v2\/types\/page"}],"author":[{"embeddable":true,"href":"http:\/\/www.chph.hu\/index.php?rest_route=\/wp\/v2\/users\/1"}],"replies":[{"embeddable":true,"href":"http:\/\/www.chph.hu\/index.php?rest_route=%2Fwp%2Fv2%2Fcomments&post=663"}],"version-history":[{"count":1,"href":"http:\/\/www.chph.hu\/index.php?rest_route=\/wp\/v2\/pages\/663\/revisions"}],"predecessor-version":[{"id":664,"href":"http:\/\/www.chph.hu\/index.php?rest_route=\/wp\/v2\/pages\/663\/revisions\/664"}],"wp:attachment":[{"href":"http:\/\/www.chph.hu\/index.php?rest_route=%2Fwp%2Fv2%2Fmedia&parent=663"}],"curies":[{"name":"wp","href":"https:\/\/api.w.org\/{rel}","templated":true}]}}

Irodák

<p><span style="font-family: Arial,Helvetica,sans-serif; font-size: medium;">A vegyipari és finom vegyipari vállalatok irányításához és működtetéséhez szükséges irodák &#8211; a művezetői irodától kezdve egészen a top management irodáig &#8211; sokféle funkciót betölthetnek. Ennek megfelelően, hazánkban és külföldön is működnek Társaságunk által tervezett irodák, melyek méreteiket tekintve lehetnek egy épületen, csarnokon belüli kis helyiségek vagy akár önálló, többszintes irodaépületek.</span></p>
<p><span style="font-family: Arial,Helvetica,sans-serif; font-size: medium;">A termeléshez közvetlenül kapcsolódó irodák többségének csak üzemi bejárata van, és az legtöbbször a termelő területről, vagy annak közvetlen közeléből nyílik, esetleg fejépületként vagy nyaktaggal kapcsolódik a termelő területhez.</span></p>
<p><span style="font-family: Arial,Helvetica,sans-serif; font-size: medium;">Az irodák sokszor a kutatás ill. az analízis laboratóriumával együtt készülnek. Ilyen esetben legtöbbször egy épületben, sőt, gyakran azonos szinteken találkozunk a két funkcióval.</span></p>
<p><span style="font-family: Arial,Helvetica,sans-serif; font-size: medium;">Előfordul, hogy az irodai funkció közvetlenül nem kapcsolódik sem a termeléshez, sem a laborokhoz. Ilyenkor egy önálló irodaház létesítése javasolt.</span></p>
<p><span style="font-family: Arial,Helvetica,sans-serif; font-size: medium;">Az irodákkal szemben támasztott követelmények némileg eltérnek a vegyipar egyéb épületeinek követelményeitől. A természetes világítás és szellőzés mellett a 20-25°C-os hőmérsékletet is biztosítani kell, ami egyre komolyabb klimatizálási feladat.</span></p>
<p><span style="font-family: Arial,Helvetica,sans-serif; font-size: medium;">A helyiségekben felhalmozott eszközök és szellemi értékek miatt a biztonságtechnika is egyre inkább velejárója az irodáknak.</span></p>
<p><span style="font-family: Arial,Helvetica,sans-serif; font-size: medium;">Munkáink között megtalálható, a néhány tíz négyzetméteres hazai irodai átalakítástól a több ezer négyzetméteres nemzetközi beruházásig, mindenféle feladat.</span></p>

<p>A vegyipari és finom vegyipari vállalatok irányításához és működtetéséhez szükséges irodák &#8211; a művezetői irodától kezdve egészen a top management irodáig &#8211; sokféle funkciót betölthetnek. Ennek megfelelően, hazánkban és külföldön is működnek Társaságunk által tervezett irodák, melyek méreteiket tekintve lehetnek egy épületen, csarnokon belüli kis helyiségek vagy akár önálló, többszintes irodaépületek. A termeléshez közvetlenül kapcsolódó &hellip; </p>
<p class="link-more"><a href="http://www.chph.hu/?page_id=663" class="more-link"><span class="screen-reader-text">&#8222;Irodák&#8221;</span> bővebben</a></p>
