{"id":670,"date":"2015-04-09T11:00:40","date_gmt":"2015-04-09T09:00:40","guid":{"rendered":"http:\/\/www.chph.hu\/?page_id=670"},"modified":"2015-04-09T11:00:40","modified_gmt":"2015-04-09T09:00:40","slug":"gyartocsarnok","status":"publish","type":"page","link":"http:\/\/www.chph.hu\/?page_id=670","title":{"rendered":"Gy\u00e1rt\u00f3csarnok"},"content":{"rendered":"<p align=\"justify\"><span style=\"font-family: Arial,Helvetica,sans-serif; font-size: medium;\">A gy\u00f3gyszergy\u00e1rt\u00e1si folyamat alapvet\u0151 r\u00e9sze a hat\u00f3anyag (alapanyag) el\u0151\u00e1ll\u00edt\u00e1sa, amely k\u00e9miai technol\u00f3giai l\u00e9p\u00e9sek sorozat\u00e1b\u00f3l \u00e1ll. Ennek megval\u00f3s\u00edt\u00e1sa t\u00f6rt\u00e9nik a gy\u00e1rt\u00f3csarnokokban.<br \/>\n<\/span><\/p>\n<p align=\"justify\"><span style=\"font-family: Arial,Helvetica,sans-serif; font-size: medium;\">A gy\u00e1rt\u00e1s sor\u00e1n, k\u00e9miai m\u0171veletekkel k\u00f6zbens\u0151 term\u00e9kek sorozat\u00e1t (intermediereket) \u00e1ll\u00edtanak el\u0151 \u00e9s utols\u00f3 l\u00e9p\u00e9sk\u00e9nt a v\u00e9gterm\u00e9ket kapj\u00e1k.<br \/>\n<\/span><\/p>\n<p align=\"justify\"><span style=\"font-family: Arial,Helvetica,sans-serif; font-size: medium;\">A gy\u00e1rt\u00e1si technol\u00f3gi\u00e1k lehetnek szintetikusak (tiszta k\u00e9miai folyamat), term\u00e9szetes anyagokat feldolgoz\u00f3ak (n\u00f6v\u00e9nyi, \u00e1llati), ferment\u00e1ci\u00f3 (biol\u00f3giai m\u0171velet), \u00e9s ezek kombin\u00e1ci\u00f3ja.<br \/>\n<\/span><\/p>\n<p align=\"justify\"><span style=\"font-family: Arial,Helvetica,sans-serif; font-size: medium;\">Minden fent eml\u00edtett technol\u00f3gi\u00e1t megval\u00f3s\u00edt\u00f3 gy\u00e1rt\u00f3 berendez\u00e9st, g\u00e9psort tartalmaz\u00f3 csarnokot tervezett m\u00e1r.<br \/>\n<\/span><\/p>\n<p align=\"justify\"><span style=\"font-family: Arial,Helvetica,sans-serif; font-size: medium;\">A gy\u00f3gyszeralapanyag gy\u00e1rt\u00e1sra jellemz\u0151, fontosabb \u00f6n\u00e1ll\u00f3 m\u0171veleti egys\u00e9gek:<\/span><\/p>\n<ul>\n<li>\n<p align=\"justify\"><span style=\"font-family: Arial,Helvetica,sans-serif; font-size: medium;\">autokl\u00e1v, kondenz\u00e1tor, szed\u0151 k\u00e9sz\u00fcl\u00e9kcsoport (kever\u00e9s, h\u0151technikai m\u0171veletek),<\/span><\/p>\n<\/li>\n<li>\n<p align=\"justify\"><span style=\"font-family: Arial,Helvetica,sans-serif; font-size: medium;\">sz\u0171r\u0151 egys\u00e9gek (centrifuga, dobsz\u0171r\u0151, t\u00e1lc\u00e1s sz\u0171r\u0151, stb.)<\/span><\/p>\n<\/li>\n<li>\n<p align=\"justify\"><span style=\"font-family: Arial,Helvetica,sans-serif; font-size: medium;\">sz\u00e1r\u00edt\u00f3 egys\u00e9g (t\u00e1lc\u00e1s, leveg\u0151s vagy v\u00e1kuumsz\u00e1r\u00edt\u00f3k, fluid-sz\u00e1r\u00edt\u00f3k, kevert\u00e1gyas sz\u00e1r\u00edt\u00f3k stb.).<br \/>\n<\/span><\/p>\n<\/li>\n<\/ul>\n<p align=\"justify\"><span style=\"font-family: Arial,Helvetica,sans-serif; font-size: medium;\">A gy\u00e1rt\u00f3csarnokba a vegyipari m\u0171veletekhez sz\u00fcks\u00e9ges g\u00e9pek, berendez\u00e9sek, k\u00e9sz\u00fcl\u00e9kek ker\u00fclnek telep\u00edt\u00e9sre. \u00c1ltal\u00e1ban a szakaszos m\u0171veletek a jellemz\u0151ek, de tervezt\u00fcnk folyamatos g\u00e9psorokat is.<br \/>\n<\/span><\/p>\n<p align=\"justify\"><span style=\"font-family: Arial,Helvetica,sans-serif; font-size: medium;\">A csarnokok legal\u00e1bb k\u00e9tszintesek. A h\u00e1rom f\u0151szintes elrendez\u00e9s a gazdas\u00e1gos helykihaszn\u00e1l\u00e1s \u00e9s a gravit\u00e1ci\u00f3s anyagmozgat\u00e1s miatt el\u0151ny\u00f6s.<br \/>\n<\/span><\/p>\n<p align=\"justify\"><span style=\"font-family: Arial,Helvetica,sans-serif; font-size: medium;\">Az eddig tervezett gy\u00e1rt\u00f3csarnokok a 100 m2 alapter\u00fclett\u0151l 5000 m2 be\u00e9p\u00edtett szint-ter\u00fcletig terjednek. A csarnokok l\u00e9nyeges alkot\u00f3r\u00e9szei a k\u00f6zm\u0171, energiaell\u00e1t\u00f3-rendszerek \u00e9s a szell\u0151z\u0151 berendez\u00e9sek.<br \/>\n<\/span><\/p>\n<p align=\"justify\"><span style=\"font-family: Arial,Helvetica,sans-serif; font-size: medium;\">Az \u00e9p\u00edt\u00e9szeti, szerkezeti kialak\u00edt\u00e1sok is v\u00e1ltoz\u00f3ak. Lehets\u00e9ges a tiszta vasbetonv\u00e1zas \u00e9s vasbeton szintes, ac\u00e9lszerkezet\u0171 \u00e9s f\u00f6d\u00e9m\u0171, valamint a kombin\u00e1lt megold\u00e1s.<br \/>\n<\/span><\/p>\n<p align=\"justify\"><span style=\"font-family: Arial,Helvetica,sans-serif; font-size: medium;\">Az \u00e1ltalunk tervezett gy\u00e1rt\u00f3csarnokok t\u0171zv\u00e9delmi, eg\u00e9szs\u00e9gv\u00e9delmi, biztons\u00e1gtechnikai szempontb\u00f3l az illet\u00e9kes hat\u00f3s\u00e1goknak megfeleltek.<br \/>\n<\/span><\/p>\n<p align=\"justify\"><span style=\"font-family: Arial,Helvetica,sans-serif; font-size: medium;\">Az ig\u00e9nyes, emberi t\u00e9ved\u00e9st\u0151l mentes, a GMP k\u00f6vetelm\u00e9nyeknek \u00e9s a min\u0151s\u00e9gir\u00e1ny\u00edt\u00e1snak megfelel\u0151 gy\u00e1rt\u00e1st korszer\u0171 folyamatir\u00e1ny\u00edt\u00f3 rendszerrel lehet j\u00f3l megval\u00f3s\u00edtani. T\u00f6bb, \u00e1ltalunk tervezett folyamatir\u00e1ny\u00edt\u00f3 sz\u00e1m\u00edt\u00f3g\u00e9ppel vez\u00e9relt gy\u00e1rt\u00f3sor \u00fczemel az orsz\u00e1gban.<\/span><\/p>\n","protected":false},"excerpt":{"rendered":"<p>A gy\u00f3gyszergy\u00e1rt\u00e1si folyamat alapvet\u0151 r\u00e9sze a hat\u00f3anyag (alapanyag) el\u0151\u00e1ll\u00edt\u00e1sa, amely k\u00e9miai technol\u00f3giai l\u00e9p\u00e9sek sorozat\u00e1b\u00f3l \u00e1ll. Ennek megval\u00f3s\u00edt\u00e1sa t\u00f6rt\u00e9nik a gy\u00e1rt\u00f3csarnokokban. A gy\u00e1rt\u00e1s sor\u00e1n, k\u00e9miai m\u0171veletekkel k\u00f6zbens\u0151 term\u00e9kek sorozat\u00e1t (intermediereket) \u00e1ll\u00edtanak el\u0151 \u00e9s utols\u00f3 l\u00e9p\u00e9sk\u00e9nt a v\u00e9gterm\u00e9ket kapj\u00e1k. A gy\u00e1rt\u00e1si technol\u00f3gi\u00e1k lehetnek szintetikusak (tiszta k\u00e9miai folyamat), term\u00e9szetes anyagokat feldolgoz\u00f3ak (n\u00f6v\u00e9nyi, \u00e1llati), ferment\u00e1ci\u00f3 (biol\u00f3giai m\u0171velet), \u00e9s ezek &hellip; <\/p>\n<p class=\"link-more\"><a href=\"http:\/\/www.chph.hu\/?page_id=670\" class=\"more-link\"><span class=\"screen-reader-text\">&#8222;Gy\u00e1rt\u00f3csarnok&#8221;<\/span> b\u0151vebben<\/a><\/p>\n","protected":false},"author":1,"featured_media":0,"parent":0,"menu_order":0,"comment_status":"open","ping_status":"open","template":"","meta":{"footnotes":""},"class_list":["post-670","page","type-page","status-publish","hentry"],"_links":{"self":[{"href":"http:\/\/www.chph.hu\/index.php?rest_route=\/wp\/v2\/pages\/670","targetHints":{"allow":["GET"]}}],"collection":[{"href":"http:\/\/www.chph.hu\/index.php?rest_route=\/wp\/v2\/pages"}],"about":[{"href":"http:\/\/www.chph.hu\/index.php?rest_route=\/wp\/v2\/types\/page"}],"author":[{"embeddable":true,"href":"http:\/\/www.chph.hu\/index.php?rest_route=\/wp\/v2\/users\/1"}],"replies":[{"embeddable":true,"href":"http:\/\/www.chph.hu\/index.php?rest_route=%2Fwp%2Fv2%2Fcomments&post=670"}],"version-history":[{"count":1,"href":"http:\/\/www.chph.hu\/index.php?rest_route=\/wp\/v2\/pages\/670\/revisions"}],"predecessor-version":[{"id":671,"href":"http:\/\/www.chph.hu\/index.php?rest_route=\/wp\/v2\/pages\/670\/revisions\/671"}],"wp:attachment":[{"href":"http:\/\/www.chph.hu\/index.php?rest_route=%2Fwp%2Fv2%2Fmedia&parent=670"}],"curies":[{"name":"wp","href":"https:\/\/api.w.org\/{rel}","templated":true}]}}

Gyártócsarnok

<p align="justify"><span style="font-family: Arial,Helvetica,sans-serif; font-size: medium;">A gyógyszergyártási folyamat alapvető része a hatóanyag (alapanyag) előállítása, amely kémiai technológiai lépések sorozatából áll. Ennek megvalósítása történik a gyártócsarnokokban.<br />
</span></p>
<p align="justify"><span style="font-family: Arial,Helvetica,sans-serif; font-size: medium;">A gyártás során, kémiai műveletekkel közbenső termékek sorozatát (intermediereket) állítanak elő és utolsó lépésként a végterméket kapják.<br />
</span></p>
<p align="justify"><span style="font-family: Arial,Helvetica,sans-serif; font-size: medium;">A gyártási technológiák lehetnek szintetikusak (tiszta kémiai folyamat), természetes anyagokat feldolgozóak (növényi, állati), fermentáció (biológiai művelet), és ezek kombinációja.<br />
</span></p>
<p align="justify"><span style="font-family: Arial,Helvetica,sans-serif; font-size: medium;">Minden fent említett technológiát megvalósító gyártó berendezést, gépsort tartalmazó csarnokot tervezett már.<br />
</span></p>
<p align="justify"><span style="font-family: Arial,Helvetica,sans-serif; font-size: medium;">A gyógyszeralapanyag gyártásra jellemző, fontosabb önálló műveleti egységek:</span></p>
<ul>
<li>
<p align="justify"><span style="font-family: Arial,Helvetica,sans-serif; font-size: medium;">autokláv, kondenzátor, szedő készülékcsoport (keverés, hőtechnikai műveletek),</span></p>
</li>
<li>
<p align="justify"><span style="font-family: Arial,Helvetica,sans-serif; font-size: medium;">szűrő egységek (centrifuga, dobszűrő, tálcás szűrő, stb.)</span></p>
</li>
<li>
<p align="justify"><span style="font-family: Arial,Helvetica,sans-serif; font-size: medium;">szárító egység (tálcás, levegős vagy vákuumszárítók, fluid-szárítók, kevertágyas szárítók stb.).<br />
</span></p>
</li>
</ul>
<p align="justify"><span style="font-family: Arial,Helvetica,sans-serif; font-size: medium;">A gyártócsarnokba a vegyipari műveletekhez szükséges gépek, berendezések, készülékek kerülnek telepítésre. Általában a szakaszos műveletek a jellemzőek, de terveztünk folyamatos gépsorokat is.<br />
</span></p>
<p align="justify"><span style="font-family: Arial,Helvetica,sans-serif; font-size: medium;">A csarnokok legalább kétszintesek. A három főszintes elrendezés a gazdaságos helykihasználás és a gravitációs anyagmozgatás miatt előnyös.<br />
</span></p>
<p align="justify"><span style="font-family: Arial,Helvetica,sans-serif; font-size: medium;">Az eddig tervezett gyártócsarnokok a 100 m2 alapterülettől 5000 m2 beépített szint-területig terjednek. A csarnokok lényeges alkotórészei a közmű, energiaellátó-rendszerek és a szellőző berendezések.<br />
</span></p>
<p align="justify"><span style="font-family: Arial,Helvetica,sans-serif; font-size: medium;">Az építészeti, szerkezeti kialakítások is változóak. Lehetséges a tiszta vasbetonvázas és vasbeton szintes, acélszerkezetű és födémű, valamint a kombinált megoldás.<br />
</span></p>
<p align="justify"><span style="font-family: Arial,Helvetica,sans-serif; font-size: medium;">Az általunk tervezett gyártócsarnokok tűzvédelmi, egészségvédelmi, biztonságtechnikai szempontból az illetékes hatóságoknak megfeleltek.<br />
</span></p>
<p align="justify"><span style="font-family: Arial,Helvetica,sans-serif; font-size: medium;">Az igényes, emberi tévedéstől mentes, a GMP követelményeknek és a minőségirányításnak megfelelő gyártást korszerű folyamatirányító rendszerrel lehet jól megvalósítani. Több, általunk tervezett folyamatirányító számítógéppel vezérelt gyártósor üzemel az országban.</span></p>

<p>A gyógyszergyártási folyamat alapvető része a hatóanyag (alapanyag) előállítása, amely kémiai technológiai lépések sorozatából áll. Ennek megvalósítása történik a gyártócsarnokokban. A gyártás során, kémiai műveletekkel közbenső termékek sorozatát (intermediereket) állítanak elő és utolsó lépésként a végterméket kapják. A gyártási technológiák lehetnek szintetikusak (tiszta kémiai folyamat), természetes anyagokat feldolgozóak (növényi, állati), fermentáció (biológiai művelet), és ezek &hellip; </p>
<p class="link-more"><a href="http://www.chph.hu/?page_id=670" class="more-link"><span class="screen-reader-text">&#8222;Gyártócsarnok&#8221;</span> bővebben</a></p>
