{"id":675,"date":"2015-04-09T11:19:58","date_gmt":"2015-04-09T09:19:58","guid":{"rendered":"http:\/\/www.chph.hu\/?page_id=675"},"modified":"2015-04-09T11:19:58","modified_gmt":"2015-04-09T09:19:58","slug":"kornyezetvedelem","status":"publish","type":"page","link":"http:\/\/www.chph.hu\/?page_id=675","title":{"rendered":"K\u00f6rnyezetv\u00e9delem"},"content":{"rendered":"<p align=\"justify\"><span style=\"font-family: Arial,Helvetica,sans-serif; font-size: medium;\">A gazdas\u00e1goss\u00e1gi szempontok el\u0151t\u00e9rbe ker\u00fcl\u00e9se miatt a v\u00e1llalatok egyre ink\u00e1bb a k\u00f6lts\u00e9ghat\u00e9kony k\u00f6rnyezetv\u00e9delmi megold\u00e1sokat v\u00e1lasztj\u00e1k.<br \/>\n<\/span><\/p>\n<p align=\"justify\"><span style=\"font-family: Arial,Helvetica,sans-serif; font-size: medium;\">Ilyen tervez\u00e9si megb\u00edz\u00e1sokn\u00e1l komplex m\u00f3don, rendszerszeml\u00e9let\u0171 k\u00f6zel\u00edt\u00e9ssel alkalmazzuk a mai kor technikai sz\u00ednvonal\u00e1nak megfelel\u0151 k\u00f6rnyezetk\u00edm\u00e9l\u0151, visszanyer\u0151 \u00e9s folyamatintegr\u00e1lt m\u0171szaki megold\u00e1sait.<br \/>\n<\/span><\/p>\n<p align=\"justify\"><span style=\"font-family: Arial,Helvetica,sans-serif; font-size: medium;\">M\u00e9rlegelj\u00fck azok beruh\u00e1z\u00e1s \u00e9s k\u00f6lts\u00e9gvonzatait, valamint h\u0151visszanyer\u0151 \u00e9s energiamegtakar\u00edt\u00f3 int\u00e9zked\u00e9seket is alkalmazunk a megrendel\u0151 ig\u00e9nyeinek kiel\u00e9g\u00edt\u00e9s\u00e9re.<br \/>\n<\/span><\/p>\n<p align=\"justify\"><span style=\"font-family: Arial,Helvetica,sans-serif; font-size: medium;\">A dokument\u00e1ci\u00f3kban, melyeket beny\u00fajtunk a hat\u00f3s\u00e1gokhoz, ki kell t\u00e9rni a leveg\u0151tisztas\u00e1g-, a zaj-, a rezg\u00e9s- \u00e9s v\u00edzv\u00e9delem, tov\u00e1bb\u00e1 a vesz\u00e9lyes hullad\u00e9kokkal kapcsolatos tev\u00e9kenys\u00e9gek vizsg\u00e1lat\u00e1ra is. Ezen dokument\u00e1ci\u00f3 gerinc\u00e9t r\u00e9szletes technol\u00f3giai ismertet\u00e9s k\u00e9pezi.<br \/>\n<\/span><\/p>\n<p align=\"justify\"><span style=\"font-family: Arial,Helvetica,sans-serif; font-size: medium;\">A vegyiparban a v\u00edzszennyez\u00e9s cs\u00f6kkent\u00e9se ter\u00e9n igen sok a tennival\u00f3. Az \u00fczemekben veszend\u0151be men\u0151 old\u00f3szerek z\u00f6me a desztill\u00e1ci\u00f3s m\u0171veletek sor\u00e1n t\u00e1vozik.<\/span><\/p>\n<p align=\"justify\"><span style=\"font-family: Arial,Helvetica,sans-serif; font-size: medium;\">A vegyipari technol\u00f3gi\u00e1k leggyakoribb m\u0171veleti l\u00e9p\u00e9se az old\u00f3szeres v\u00e1kuumbep\u00e1rl\u00e1s, ahol a legnagyobb probl\u00e9m\u00e1t a v\u00e1kuumoldali old\u00f3szervesztes\u00e9g jelenti. K\u00f6rnyezetk\u00edm\u00e9l\u0151 m\u0171szaki megold\u00e1sok k\u00f6z\u00f6tt nemcsak k\u00f6lts\u00e9gesek \u00e9s bonyolultak l\u00e9teznek. Egyszer\u0171, szellemes megold\u00e1sokkal is sok p\u00e9nz takar\u00edthat\u00f3 meg \u00e9s &#8222;megfoghat\u00f3&#8221; az emisszi\u00f3 tekint\u00e9lyes r\u00e9sze. C\u00e9g\u00fcnk megl\u00e9v\u0151, \u00fczemel\u0151 rendszerek ilyen k\u00f6lts\u00e9gk\u00edm\u00e9l\u0151 optimaliz\u00e1l\u00e1s\u00e1ra is v\u00e1llalkozik.<\/span><\/p>\n","protected":false},"excerpt":{"rendered":"<p>A gazdas\u00e1goss\u00e1gi szempontok el\u0151t\u00e9rbe ker\u00fcl\u00e9se miatt a v\u00e1llalatok egyre ink\u00e1bb a k\u00f6lts\u00e9ghat\u00e9kony k\u00f6rnyezetv\u00e9delmi megold\u00e1sokat v\u00e1lasztj\u00e1k. Ilyen tervez\u00e9si megb\u00edz\u00e1sokn\u00e1l komplex m\u00f3don, rendszerszeml\u00e9let\u0171 k\u00f6zel\u00edt\u00e9ssel alkalmazzuk a mai kor technikai sz\u00ednvonal\u00e1nak megfelel\u0151 k\u00f6rnyezetk\u00edm\u00e9l\u0151, visszanyer\u0151 \u00e9s folyamatintegr\u00e1lt m\u0171szaki megold\u00e1sait. M\u00e9rlegelj\u00fck azok beruh\u00e1z\u00e1s \u00e9s k\u00f6lts\u00e9gvonzatait, valamint h\u0151visszanyer\u0151 \u00e9s energiamegtakar\u00edt\u00f3 int\u00e9zked\u00e9seket is alkalmazunk a megrendel\u0151 ig\u00e9nyeinek kiel\u00e9g\u00edt\u00e9s\u00e9re. A dokument\u00e1ci\u00f3kban, melyeket beny\u00fajtunk &hellip; <\/p>\n<p class=\"link-more\"><a href=\"http:\/\/www.chph.hu\/?page_id=675\" class=\"more-link\"><span class=\"screen-reader-text\">&#8222;K\u00f6rnyezetv\u00e9delem&#8221;<\/span> b\u0151vebben<\/a><\/p>\n","protected":false},"author":1,"featured_media":0,"parent":0,"menu_order":0,"comment_status":"open","ping_status":"open","template":"","meta":{"footnotes":""},"class_list":["post-675","page","type-page","status-publish","hentry"],"_links":{"self":[{"href":"http:\/\/www.chph.hu\/index.php?rest_route=\/wp\/v2\/pages\/675","targetHints":{"allow":["GET"]}}],"collection":[{"href":"http:\/\/www.chph.hu\/index.php?rest_route=\/wp\/v2\/pages"}],"about":[{"href":"http:\/\/www.chph.hu\/index.php?rest_route=\/wp\/v2\/types\/page"}],"author":[{"embeddable":true,"href":"http:\/\/www.chph.hu\/index.php?rest_route=\/wp\/v2\/users\/1"}],"replies":[{"embeddable":true,"href":"http:\/\/www.chph.hu\/index.php?rest_route=%2Fwp%2Fv2%2Fcomments&post=675"}],"version-history":[{"count":1,"href":"http:\/\/www.chph.hu\/index.php?rest_route=\/wp\/v2\/pages\/675\/revisions"}],"predecessor-version":[{"id":676,"href":"http:\/\/www.chph.hu\/index.php?rest_route=\/wp\/v2\/pages\/675\/revisions\/676"}],"wp:attachment":[{"href":"http:\/\/www.chph.hu\/index.php?rest_route=%2Fwp%2Fv2%2Fmedia&parent=675"}],"curies":[{"name":"wp","href":"https:\/\/api.w.org\/{rel}","templated":true}]}}